{"id":5663,"date":"2024-04-18T10:33:20","date_gmt":"2024-04-18T08:33:20","guid":{"rendered":"https:\/\/www.mclouis.com\/?post_type=modello&#038;p=5663"},"modified":"2025-11-24T11:59:24","modified_gmt":"2025-11-24T10:59:24","slug":"nevis-870","status":"publish","type":"modello","link":"https:\/\/www.mclouis.com\/fr\/tipologia\/integral\/nevis-870\/","title":{"rendered":"Nevis 870"},"template":"","aspettative":[75,70],"destinazione":[81,82,83],"gamma":[200],"lunghezza":[89],"motivo":[99],"persone-equipaggio":[106],"posti-letto":[115],"posti-omologati":[128],"tipologia-letto":[141],"tipologia":[189],"class_list":["post-5663","modello","type-modello","status-publish","hentry","aspettative-sejour-en-famille-pour-partager-tous-les-moments-ensemble","aspettative-vous-isoler-du-monde-et-vous-detendre-en-pleine-nature","destinazione-mer-lac","destinazione-montagne","destinazione-villes-dart","gamma-nevis-serie-800-fr","lunghezza-plus-de-7-m","motivo-vacances-sedentaires-vous-vous-rendez-sur-le-lieu-choisi-et-vous-ne-bougez-plus","persone-equipaggio-3-4-nombre-de-personnes","posti-letto-4-places-couchage","posti-omologati-4-fr","tipologia-letto-lits-jumeaux","tipologia-integral"],"acf":[],"yoast_head":"<!-- This site is optimized with the Yoast SEO plugin v27.2 - https:\/\/yoast.com\/product\/yoast-seo-wordpress\/ -->\n<title>Nevis 870 - Camping-car Int\u00e9gral - S\u00e9rie 800 | McLouis<\/title>\n<meta name=\"description\" content=\"Nevis 870 camping-car int\u00e9gral de 7,45 m avec lits jumeaux \u00e0 l&#039;arri\u00e8re et d\u00eenette face \u00e0 face. Espace et confort dans le style McLouis.\" \/>\n<meta name=\"robots\" content=\"index, follow, max-snippet:-1, max-image-preview:large, max-video-preview:-1\" \/>\n<link rel=\"canonical\" href=\"https:\/\/www.mclouis.com\/fr\/tipologia\/integral\/nevis-870\/\" \/>\n<meta property=\"og:locale\" content=\"fr_FR\" \/>\n<meta property=\"og:type\" content=\"article\" \/>\n<meta property=\"og:title\" content=\"Nevis 870 - Camping-car Int\u00e9gral - S\u00e9rie 800 | McLouis\" \/>\n<meta property=\"og:description\" content=\"Nevis 870 camping-car int\u00e9gral de 7,45 m avec lits jumeaux \u00e0 l&#039;arri\u00e8re et d\u00eenette face \u00e0 face. Espace et confort dans le style McLouis.\" \/>\n<meta property=\"og:url\" content=\"https:\/\/www.mclouis.com\/fr\/tipologia\/integral\/nevis-870\/\" \/>\n<meta property=\"og:site_name\" content=\"McLouis GLOBAL\" \/>\n<meta property=\"article:modified_time\" content=\"2025-11-24T10:59:24+00:00\" \/>\n<meta name=\"twitter:card\" content=\"summary_large_image\" \/>\n<script type=\"application\/ld+json\" class=\"yoast-schema-graph\">{\"@context\":\"https:\/\/schema.org\",\"@graph\":[{\"@type\":\"WebPage\",\"@id\":\"https:\/\/www.mclouis.com\/fr\/tipologia\/integral\/nevis-870\/\",\"url\":\"https:\/\/www.mclouis.com\/fr\/tipologia\/integral\/nevis-870\/\",\"name\":\"Nevis 870 - Camping-car Int\u00e9gral - S\u00e9rie 800 | McLouis\",\"isPartOf\":{\"@id\":\"https:\/\/www.mclouis.com\/fr\/#website\"},\"datePublished\":\"2024-04-18T08:33:20+00:00\",\"dateModified\":\"2025-11-24T10:59:24+00:00\",\"description\":\"Nevis 870 camping-car int\u00e9gral de 7,45 m avec lits jumeaux \u00e0 l'arri\u00e8re et d\u00eenette face \u00e0 face. Espace et confort dans le style McLouis.\",\"breadcrumb\":{\"@id\":\"https:\/\/www.mclouis.com\/fr\/tipologia\/integral\/nevis-870\/#breadcrumb\"},\"inLanguage\":\"fr-FR\",\"potentialAction\":[{\"@type\":\"ReadAction\",\"target\":[\"https:\/\/www.mclouis.com\/fr\/tipologia\/integral\/nevis-870\/\"]}]},{\"@type\":\"BreadcrumbList\",\"@id\":\"https:\/\/www.mclouis.com\/fr\/tipologia\/integral\/nevis-870\/#breadcrumb\",\"itemListElement\":[{\"@type\":\"ListItem\",\"position\":1,\"name\":\"Home\",\"item\":\"https:\/\/www.mclouis.com\/fr\/\"},{\"@type\":\"ListItem\",\"position\":2,\"name\":\"Nevis 870\"}]},{\"@type\":\"WebSite\",\"@id\":\"https:\/\/www.mclouis.com\/fr\/#website\",\"url\":\"https:\/\/www.mclouis.com\/fr\/\",\"name\":\"McLouis GLOBAL\",\"description\":\"\",\"potentialAction\":[{\"@type\":\"SearchAction\",\"target\":{\"@type\":\"EntryPoint\",\"urlTemplate\":\"https:\/\/www.mclouis.com\/fr\/?s={search_term_string}\"},\"query-input\":{\"@type\":\"PropertyValueSpecification\",\"valueRequired\":true,\"valueName\":\"search_term_string\"}}],\"inLanguage\":\"fr-FR\"}]}<\/script>\n<!-- \/ Yoast SEO plugin. -->","yoast_head_json":{"title":"Nevis 870 - Camping-car Int\u00e9gral - S\u00e9rie 800 | McLouis","description":"Nevis 870 camping-car int\u00e9gral de 7,45 m avec lits jumeaux \u00e0 l'arri\u00e8re et d\u00eenette face \u00e0 face. Espace et confort dans le style McLouis.","robots":{"index":"index","follow":"follow","max-snippet":"max-snippet:-1","max-image-preview":"max-image-preview:large","max-video-preview":"max-video-preview:-1"},"canonical":"https:\/\/www.mclouis.com\/fr\/tipologia\/integral\/nevis-870\/","og_locale":"fr_FR","og_type":"article","og_title":"Nevis 870 - Camping-car Int\u00e9gral - S\u00e9rie 800 | McLouis","og_description":"Nevis 870 camping-car int\u00e9gral de 7,45 m avec lits jumeaux \u00e0 l'arri\u00e8re et d\u00eenette face \u00e0 face. Espace et confort dans le style McLouis.","og_url":"https:\/\/www.mclouis.com\/fr\/tipologia\/integral\/nevis-870\/","og_site_name":"McLouis GLOBAL","article_modified_time":"2025-11-24T10:59:24+00:00","twitter_card":"summary_large_image","schema":{"@context":"https:\/\/schema.org","@graph":[{"@type":"WebPage","@id":"https:\/\/www.mclouis.com\/fr\/tipologia\/integral\/nevis-870\/","url":"https:\/\/www.mclouis.com\/fr\/tipologia\/integral\/nevis-870\/","name":"Nevis 870 - Camping-car Int\u00e9gral - S\u00e9rie 800 | McLouis","isPartOf":{"@id":"https:\/\/www.mclouis.com\/fr\/#website"},"datePublished":"2024-04-18T08:33:20+00:00","dateModified":"2025-11-24T10:59:24+00:00","description":"Nevis 870 camping-car int\u00e9gral de 7,45 m avec lits jumeaux \u00e0 l'arri\u00e8re et d\u00eenette face \u00e0 face. Espace et confort dans le style McLouis.","breadcrumb":{"@id":"https:\/\/www.mclouis.com\/fr\/tipologia\/integral\/nevis-870\/#breadcrumb"},"inLanguage":"fr-FR","potentialAction":[{"@type":"ReadAction","target":["https:\/\/www.mclouis.com\/fr\/tipologia\/integral\/nevis-870\/"]}]},{"@type":"BreadcrumbList","@id":"https:\/\/www.mclouis.com\/fr\/tipologia\/integral\/nevis-870\/#breadcrumb","itemListElement":[{"@type":"ListItem","position":1,"name":"Home","item":"https:\/\/www.mclouis.com\/fr\/"},{"@type":"ListItem","position":2,"name":"Nevis 870"}]},{"@type":"WebSite","@id":"https:\/\/www.mclouis.com\/fr\/#website","url":"https:\/\/www.mclouis.com\/fr\/","name":"McLouis GLOBAL","description":"","potentialAction":[{"@type":"SearchAction","target":{"@type":"EntryPoint","urlTemplate":"https:\/\/www.mclouis.com\/fr\/?s={search_term_string}"},"query-input":{"@type":"PropertyValueSpecification","valueRequired":true,"valueName":"search_term_string"}}],"inLanguage":"fr-FR"}]}},"_links":{"self":[{"href":"https:\/\/www.mclouis.com\/fr\/wp-json\/wp\/v2\/modello\/5663","targetHints":{"allow":["GET"]}}],"collection":[{"href":"https:\/\/www.mclouis.com\/fr\/wp-json\/wp\/v2\/modello"}],"about":[{"href":"https:\/\/www.mclouis.com\/fr\/wp-json\/wp\/v2\/types\/modello"}],"wp:attachment":[{"href":"https:\/\/www.mclouis.com\/fr\/wp-json\/wp\/v2\/media?parent=5663"}],"wp:term":[{"taxonomy":"aspettative","embeddable":true,"href":"https:\/\/www.mclouis.com\/fr\/wp-json\/wp\/v2\/aspettative?post=5663"},{"taxonomy":"destinazione","embeddable":true,"href":"https:\/\/www.mclouis.com\/fr\/wp-json\/wp\/v2\/destinazione?post=5663"},{"taxonomy":"gamma","embeddable":true,"href":"https:\/\/www.mclouis.com\/fr\/wp-json\/wp\/v2\/gamma?post=5663"},{"taxonomy":"lunghezza","embeddable":true,"href":"https:\/\/www.mclouis.com\/fr\/wp-json\/wp\/v2\/lunghezza?post=5663"},{"taxonomy":"motivo","embeddable":true,"href":"https:\/\/www.mclouis.com\/fr\/wp-json\/wp\/v2\/motivo?post=5663"},{"taxonomy":"persone-equipaggio","embeddable":true,"href":"https:\/\/www.mclouis.com\/fr\/wp-json\/wp\/v2\/persone-equipaggio?post=5663"},{"taxonomy":"posti-letto","embeddable":true,"href":"https:\/\/www.mclouis.com\/fr\/wp-json\/wp\/v2\/posti-letto?post=5663"},{"taxonomy":"posti-omologati","embeddable":true,"href":"https:\/\/www.mclouis.com\/fr\/wp-json\/wp\/v2\/posti-omologati?post=5663"},{"taxonomy":"tipologia-letto","embeddable":true,"href":"https:\/\/www.mclouis.com\/fr\/wp-json\/wp\/v2\/tipologia-letto?post=5663"},{"taxonomy":"tipologia","embeddable":true,"href":"https:\/\/www.mclouis.com\/fr\/wp-json\/wp\/v2\/tipologia?post=5663"}],"curies":[{"name":"wp","href":"https:\/\/api.w.org\/{rel}","templated":true}]}}

<!-- This site is optimized with the Yoast SEO plugin v27.2 - https://yoast.com/product/yoast-seo-wordpress/ -->
<title>Nevis 870 - Camping-car Intégral - Série 800 | McLouis</title>
<meta name="description" content="Nevis 870 camping-car intégral de 7,45 m avec lits jumeaux à l&#039;arrière et dînette face à face. Espace et confort dans le style McLouis." />
<meta name="robots" content="index, follow, max-snippet:-1, max-image-preview:large, max-video-preview:-1" />
<link rel="canonical" href="https://www.mclouis.com/fr/tipologia/integral/nevis-870/" />
<meta property="og:locale" content="fr_FR" />
<meta property="og:type" content="article" />
<meta property="og:title" content="Nevis 870 - Camping-car Intégral - Série 800 | McLouis" />
<meta property="og:description" content="Nevis 870 camping-car intégral de 7,45 m avec lits jumeaux à l&#039;arrière et dînette face à face. Espace et confort dans le style McLouis." />
<meta property="og:url" content="https://www.mclouis.com/fr/tipologia/integral/nevis-870/" />
<meta property="og:site_name" content="McLouis GLOBAL" />
<meta property="article:modified_time" content="2025-11-24T10:59:24+00:00" />
<meta name="twitter:card" content="summary_large_image" />
<script type="application/ld+json" class="yoast-schema-graph">{"@context":"https://schema.org","@graph":[{"@type":"WebPage","@id":"https://www.mclouis.com/fr/tipologia/integral/nevis-870/","url":"https://www.mclouis.com/fr/tipologia/integral/nevis-870/","name":"Nevis 870 - Camping-car Intégral - Série 800 | McLouis","isPartOf":{"@id":"https://www.mclouis.com/fr/#website"},"datePublished":"2024-04-18T08:33:20+00:00","dateModified":"2025-11-24T10:59:24+00:00","description":"Nevis 870 camping-car intégral de 7,45 m avec lits jumeaux à l'arrière et dînette face à face. Espace et confort dans le style McLouis.","breadcrumb":{"@id":"https://www.mclouis.com/fr/tipologia/integral/nevis-870/#breadcrumb"},"inLanguage":"fr-FR","potentialAction":[{"@type":"ReadAction","target":["https://www.mclouis.com/fr/tipologia/integral/nevis-870/"]}]},{"@type":"BreadcrumbList","@id":"https://www.mclouis.com/fr/tipologia/integral/nevis-870/#breadcrumb","itemListElement":[{"@type":"ListItem","position":1,"name":"Home","item":"https://www.mclouis.com/fr/"},{"@type":"ListItem","position":2,"name":"Nevis 870"}]},{"@type":"WebSite","@id":"https://www.mclouis.com/fr/#website","url":"https://www.mclouis.com/fr/","name":"McLouis GLOBAL","description":"","potentialAction":[{"@type":"SearchAction","target":{"@type":"EntryPoint","urlTemplate":"https://www.mclouis.com/fr/?s={search_term_string}"},"query-input":{"@type":"PropertyValueSpecification","valueRequired":true,"valueName":"search_term_string"}}],"inLanguage":"fr-FR"}]}</script>
<!-- / Yoast SEO plugin. -->

Nevis 870 - Camping-car Intégral - Série 800 | McLouis

Nevis 870 camping-car intégral de 7,45 m avec lits jumeaux à l'arrière et dînette face à face. Espace et confort dans le style McLouis.
