{"id":3923,"date":"2024-06-21T14:51:37","date_gmt":"2024-06-21T12:51:37","guid":{"rendered":"https:\/\/www.mclouis.com\/francia\/?post_type=modello&#038;p=3923"},"modified":"2025-11-17T12:30:49","modified_gmt":"2025-11-17T11:30:49","slug":"mc4-321","status":"publish","type":"modello","link":"https:\/\/www.mclouis.com\/francia\/tipologia\/profile\/mc4-321\/","title":{"rendered":"Mc4 321"},"template":"","aspettative":[],"destinazione":[],"gamma":[54],"lunghezza":[9],"motivo":[],"persone-equipaggio":[10],"posti-letto":[4],"posti-omologati":[5],"tipologia-letto":[50],"tipologia":[22],"class_list":["post-3923","modello","type-modello","status-publish","hentry","gamma-mc4-serie-300","lunghezza-de-6-50-m-to-7-00-m","persone-equipaggio-fino-a-4-persone","posti-letto-2-posti","posti-omologati-5","tipologia-letto-make-up-beds","tipologia-profile"],"acf":[],"yoast_head":"<!-- This site is optimized with the Yoast SEO plugin v27.2 - https:\/\/yoast.com\/product\/yoast-seo-wordpress\/ -->\n<title>Mc4 321 - Camping-car profil\u00e9 - S\u00e9rie 300 | McLouis<\/title>\n<meta name=\"description\" content=\"Mc4 321 camping-car profil\u00e9 avec lit de pavillon, grande d\u00eenette face \u00e0 face, grand r\u00e9frig\u00e9rateur de 145 l et armoire arri\u00e8re.\" \/>\n<meta name=\"robots\" content=\"index, follow, max-snippet:-1, max-image-preview:large, max-video-preview:-1\" \/>\n<link rel=\"canonical\" href=\"https:\/\/www.mclouis.com\/francia\/tipologia\/profile\/mc4-321\/\" \/>\n<meta property=\"og:locale\" content=\"fr_FR\" \/>\n<meta property=\"og:type\" content=\"article\" \/>\n<meta property=\"og:title\" content=\"Mc4 321 - Camping-car profil\u00e9 - S\u00e9rie 300 | McLouis\" \/>\n<meta property=\"og:description\" content=\"Mc4 321 camping-car profil\u00e9 avec lit de pavillon, grande d\u00eenette face \u00e0 face, grand r\u00e9frig\u00e9rateur de 145 l et armoire arri\u00e8re.\" \/>\n<meta property=\"og:url\" content=\"https:\/\/www.mclouis.com\/francia\/tipologia\/profile\/mc4-321\/\" \/>\n<meta property=\"og:site_name\" content=\"McLouis FRANCIA\" \/>\n<meta property=\"article:modified_time\" content=\"2025-11-17T11:30:49+00:00\" \/>\n<meta name=\"twitter:card\" content=\"summary_large_image\" \/>\n<script type=\"application\/ld+json\" class=\"yoast-schema-graph\">{\"@context\":\"https:\/\/schema.org\",\"@graph\":[{\"@type\":\"WebPage\",\"@id\":\"https:\/\/www.mclouis.com\/francia\/tipologia\/profile\/mc4-321\/\",\"url\":\"https:\/\/www.mclouis.com\/francia\/tipologia\/profile\/mc4-321\/\",\"name\":\"Mc4 321 - Camping-car profil\u00e9 - S\u00e9rie 300 | McLouis\",\"isPartOf\":{\"@id\":\"https:\/\/www.mclouis.com\/francia\/#website\"},\"datePublished\":\"2024-06-21T12:51:37+00:00\",\"dateModified\":\"2025-11-17T11:30:49+00:00\",\"description\":\"Mc4 321 camping-car profil\u00e9 avec lit de pavillon, grande d\u00eenette face \u00e0 face, grand r\u00e9frig\u00e9rateur de 145 l et armoire arri\u00e8re.\",\"breadcrumb\":{\"@id\":\"https:\/\/www.mclouis.com\/francia\/tipologia\/profile\/mc4-321\/#breadcrumb\"},\"inLanguage\":\"fr-FR\",\"potentialAction\":[{\"@type\":\"ReadAction\",\"target\":[\"https:\/\/www.mclouis.com\/francia\/tipologia\/profile\/mc4-321\/\"]}]},{\"@type\":\"BreadcrumbList\",\"@id\":\"https:\/\/www.mclouis.com\/francia\/tipologia\/profile\/mc4-321\/#breadcrumb\",\"itemListElement\":[{\"@type\":\"ListItem\",\"position\":1,\"name\":\"Home\",\"item\":\"https:\/\/www.mclouis.com\/francia\/\"},{\"@type\":\"ListItem\",\"position\":2,\"name\":\"Mc4 321\"}]},{\"@type\":\"WebSite\",\"@id\":\"https:\/\/www.mclouis.com\/francia\/#website\",\"url\":\"https:\/\/www.mclouis.com\/francia\/\",\"name\":\"McLouis FRANCIA\",\"description\":\"\",\"potentialAction\":[{\"@type\":\"SearchAction\",\"target\":{\"@type\":\"EntryPoint\",\"urlTemplate\":\"https:\/\/www.mclouis.com\/francia\/?s={search_term_string}\"},\"query-input\":{\"@type\":\"PropertyValueSpecification\",\"valueRequired\":true,\"valueName\":\"search_term_string\"}}],\"inLanguage\":\"fr-FR\"}]}<\/script>\n<!-- \/ Yoast SEO plugin. -->","yoast_head_json":{"title":"Mc4 321 - Camping-car profil\u00e9 - S\u00e9rie 300 | McLouis","description":"Mc4 321 camping-car profil\u00e9 avec lit de pavillon, grande d\u00eenette face \u00e0 face, grand r\u00e9frig\u00e9rateur de 145 l et armoire arri\u00e8re.","robots":{"index":"index","follow":"follow","max-snippet":"max-snippet:-1","max-image-preview":"max-image-preview:large","max-video-preview":"max-video-preview:-1"},"canonical":"https:\/\/www.mclouis.com\/francia\/tipologia\/profile\/mc4-321\/","og_locale":"fr_FR","og_type":"article","og_title":"Mc4 321 - Camping-car profil\u00e9 - S\u00e9rie 300 | McLouis","og_description":"Mc4 321 camping-car profil\u00e9 avec lit de pavillon, grande d\u00eenette face \u00e0 face, grand r\u00e9frig\u00e9rateur de 145 l et armoire arri\u00e8re.","og_url":"https:\/\/www.mclouis.com\/francia\/tipologia\/profile\/mc4-321\/","og_site_name":"McLouis FRANCIA","article_modified_time":"2025-11-17T11:30:49+00:00","twitter_card":"summary_large_image","schema":{"@context":"https:\/\/schema.org","@graph":[{"@type":"WebPage","@id":"https:\/\/www.mclouis.com\/francia\/tipologia\/profile\/mc4-321\/","url":"https:\/\/www.mclouis.com\/francia\/tipologia\/profile\/mc4-321\/","name":"Mc4 321 - Camping-car profil\u00e9 - S\u00e9rie 300 | McLouis","isPartOf":{"@id":"https:\/\/www.mclouis.com\/francia\/#website"},"datePublished":"2024-06-21T12:51:37+00:00","dateModified":"2025-11-17T11:30:49+00:00","description":"Mc4 321 camping-car profil\u00e9 avec lit de pavillon, grande d\u00eenette face \u00e0 face, grand r\u00e9frig\u00e9rateur de 145 l et armoire arri\u00e8re.","breadcrumb":{"@id":"https:\/\/www.mclouis.com\/francia\/tipologia\/profile\/mc4-321\/#breadcrumb"},"inLanguage":"fr-FR","potentialAction":[{"@type":"ReadAction","target":["https:\/\/www.mclouis.com\/francia\/tipologia\/profile\/mc4-321\/"]}]},{"@type":"BreadcrumbList","@id":"https:\/\/www.mclouis.com\/francia\/tipologia\/profile\/mc4-321\/#breadcrumb","itemListElement":[{"@type":"ListItem","position":1,"name":"Home","item":"https:\/\/www.mclouis.com\/francia\/"},{"@type":"ListItem","position":2,"name":"Mc4 321"}]},{"@type":"WebSite","@id":"https:\/\/www.mclouis.com\/francia\/#website","url":"https:\/\/www.mclouis.com\/francia\/","name":"McLouis FRANCIA","description":"","potentialAction":[{"@type":"SearchAction","target":{"@type":"EntryPoint","urlTemplate":"https:\/\/www.mclouis.com\/francia\/?s={search_term_string}"},"query-input":{"@type":"PropertyValueSpecification","valueRequired":true,"valueName":"search_term_string"}}],"inLanguage":"fr-FR"}]}},"_links":{"self":[{"href":"https:\/\/www.mclouis.com\/francia\/wp-json\/wp\/v2\/modello\/3923","targetHints":{"allow":["GET"]}}],"collection":[{"href":"https:\/\/www.mclouis.com\/francia\/wp-json\/wp\/v2\/modello"}],"about":[{"href":"https:\/\/www.mclouis.com\/francia\/wp-json\/wp\/v2\/types\/modello"}],"wp:attachment":[{"href":"https:\/\/www.mclouis.com\/francia\/wp-json\/wp\/v2\/media?parent=3923"}],"wp:term":[{"taxonomy":"aspettative","embeddable":true,"href":"https:\/\/www.mclouis.com\/francia\/wp-json\/wp\/v2\/aspettative?post=3923"},{"taxonomy":"destinazione","embeddable":true,"href":"https:\/\/www.mclouis.com\/francia\/wp-json\/wp\/v2\/destinazione?post=3923"},{"taxonomy":"gamma","embeddable":true,"href":"https:\/\/www.mclouis.com\/francia\/wp-json\/wp\/v2\/gamma?post=3923"},{"taxonomy":"lunghezza","embeddable":true,"href":"https:\/\/www.mclouis.com\/francia\/wp-json\/wp\/v2\/lunghezza?post=3923"},{"taxonomy":"motivo","embeddable":true,"href":"https:\/\/www.mclouis.com\/francia\/wp-json\/wp\/v2\/motivo?post=3923"},{"taxonomy":"persone-equipaggio","embeddable":true,"href":"https:\/\/www.mclouis.com\/francia\/wp-json\/wp\/v2\/persone-equipaggio?post=3923"},{"taxonomy":"posti-letto","embeddable":true,"href":"https:\/\/www.mclouis.com\/francia\/wp-json\/wp\/v2\/posti-letto?post=3923"},{"taxonomy":"posti-omologati","embeddable":true,"href":"https:\/\/www.mclouis.com\/francia\/wp-json\/wp\/v2\/posti-omologati?post=3923"},{"taxonomy":"tipologia-letto","embeddable":true,"href":"https:\/\/www.mclouis.com\/francia\/wp-json\/wp\/v2\/tipologia-letto?post=3923"},{"taxonomy":"tipologia","embeddable":true,"href":"https:\/\/www.mclouis.com\/francia\/wp-json\/wp\/v2\/tipologia?post=3923"}],"curies":[{"name":"wp","href":"https:\/\/api.w.org\/{rel}","templated":true}]}}

<!-- This site is optimized with the Yoast SEO plugin v27.2 - https://yoast.com/product/yoast-seo-wordpress/ -->
<title>Mc4 321 - Camping-car profilé - Série 300 | McLouis</title>
<meta name="description" content="Mc4 321 camping-car profilé avec lit de pavillon, grande dînette face à face, grand réfrigérateur de 145 l et armoire arrière." />
<meta name="robots" content="index, follow, max-snippet:-1, max-image-preview:large, max-video-preview:-1" />
<link rel="canonical" href="https://www.mclouis.com/francia/tipologia/profile/mc4-321/" />
<meta property="og:locale" content="fr_FR" />
<meta property="og:type" content="article" />
<meta property="og:title" content="Mc4 321 - Camping-car profilé - Série 300 | McLouis" />
<meta property="og:description" content="Mc4 321 camping-car profilé avec lit de pavillon, grande dînette face à face, grand réfrigérateur de 145 l et armoire arrière." />
<meta property="og:url" content="https://www.mclouis.com/francia/tipologia/profile/mc4-321/" />
<meta property="og:site_name" content="McLouis FRANCIA" />
<meta property="article:modified_time" content="2025-11-17T11:30:49+00:00" />
<meta name="twitter:card" content="summary_large_image" />
<script type="application/ld+json" class="yoast-schema-graph">{"@context":"https://schema.org","@graph":[{"@type":"WebPage","@id":"https://www.mclouis.com/francia/tipologia/profile/mc4-321/","url":"https://www.mclouis.com/francia/tipologia/profile/mc4-321/","name":"Mc4 321 - Camping-car profilé - Série 300 | McLouis","isPartOf":{"@id":"https://www.mclouis.com/francia/#website"},"datePublished":"2024-06-21T12:51:37+00:00","dateModified":"2025-11-17T11:30:49+00:00","description":"Mc4 321 camping-car profilé avec lit de pavillon, grande dînette face à face, grand réfrigérateur de 145 l et armoire arrière.","breadcrumb":{"@id":"https://www.mclouis.com/francia/tipologia/profile/mc4-321/#breadcrumb"},"inLanguage":"fr-FR","potentialAction":[{"@type":"ReadAction","target":["https://www.mclouis.com/francia/tipologia/profile/mc4-321/"]}]},{"@type":"BreadcrumbList","@id":"https://www.mclouis.com/francia/tipologia/profile/mc4-321/#breadcrumb","itemListElement":[{"@type":"ListItem","position":1,"name":"Home","item":"https://www.mclouis.com/francia/"},{"@type":"ListItem","position":2,"name":"Mc4 321"}]},{"@type":"WebSite","@id":"https://www.mclouis.com/francia/#website","url":"https://www.mclouis.com/francia/","name":"McLouis FRANCIA","description":"","potentialAction":[{"@type":"SearchAction","target":{"@type":"EntryPoint","urlTemplate":"https://www.mclouis.com/francia/?s={search_term_string}"},"query-input":{"@type":"PropertyValueSpecification","valueRequired":true,"valueName":"search_term_string"}}],"inLanguage":"fr-FR"}]}</script>
<!-- / Yoast SEO plugin. -->

Mc4 321 - Camping-car profilé - Série 300 | McLouis

Mc4 321 camping-car profilé avec lit de pavillon, grande dînette face à face, grand réfrigérateur de 145 l et armoire arrière.
