{"id":4097,"date":"2024-06-24T15:05:46","date_gmt":"2024-06-24T13:05:46","guid":{"rendered":"https:\/\/www.mclouis.com\/francia\/?post_type=modello&#038;p=4097"},"modified":"2025-11-17T11:34:13","modified_gmt":"2025-11-17T10:34:13","slug":"mc4-slim-331","status":"publish","type":"modello","link":"https:\/\/www.mclouis.com\/francia\/tipologia\/profile\/mc4-slim-331\/","title":{"rendered":"MC4 Slim 331"},"template":"","aspettative":[18],"destinazione":[35,20,26],"gamma":[60],"lunghezza":[29],"motivo":[11],"persone-equipaggio":[10],"posti-letto":[4],"posti-omologati":[5],"tipologia-letto":[34],"tipologia":[22],"class_list":["post-4097","modello","type-modello","status-publish","hentry","aspettative-isolarti-dal-mondo-e-rilassarti-nella-natura","destinazione-mare-lago","destinazione-montagna","destinazione-citta-darte","gamma-mc4-serie-300-slim","lunghezza-moins-de-6-m","motivo-fuga-nel-weekend","persone-equipaggio-fino-a-4-persone","posti-letto-2-posti","posti-omologati-5","tipologia-letto-letto-trasversale-garage","tipologia-profile"],"acf":[],"yoast_head":"<!-- This site is optimized with the Yoast SEO plugin v27.2 - https:\/\/yoast.com\/product\/yoast-seo-wordpress\/ -->\n<title>Mc4 Slim 331 - Camping-car compact profil\u00e9 | McLouis<\/title>\n<meta name=\"description\" content=\"Mc4 Slim 331 camping-car compact profil\u00e9 de moins de 6 m avec d\u00eenette en L et lit double transversal. Largeur et hauteur r\u00e9duites.\" \/>\n<meta name=\"robots\" content=\"index, follow, max-snippet:-1, max-image-preview:large, max-video-preview:-1\" \/>\n<link rel=\"canonical\" href=\"https:\/\/www.mclouis.com\/francia\/tipologia\/profile\/mc4-slim-331\/\" \/>\n<meta property=\"og:locale\" content=\"fr_FR\" \/>\n<meta property=\"og:type\" content=\"article\" \/>\n<meta property=\"og:title\" content=\"Mc4 Slim 331 - Camping-car compact profil\u00e9 | McLouis\" \/>\n<meta property=\"og:description\" content=\"Mc4 Slim 331 camping-car compact profil\u00e9 de moins de 6 m avec d\u00eenette en L et lit double transversal. Largeur et hauteur r\u00e9duites.\" \/>\n<meta property=\"og:url\" content=\"https:\/\/www.mclouis.com\/francia\/tipologia\/profile\/mc4-slim-331\/\" \/>\n<meta property=\"og:site_name\" content=\"McLouis FRANCIA\" \/>\n<meta property=\"article:modified_time\" content=\"2025-11-17T10:34:13+00:00\" \/>\n<meta name=\"twitter:card\" content=\"summary_large_image\" \/>\n<script type=\"application\/ld+json\" class=\"yoast-schema-graph\">{\"@context\":\"https:\/\/schema.org\",\"@graph\":[{\"@type\":\"WebPage\",\"@id\":\"https:\/\/www.mclouis.com\/francia\/tipologia\/profile\/mc4-slim-331\/\",\"url\":\"https:\/\/www.mclouis.com\/francia\/tipologia\/profile\/mc4-slim-331\/\",\"name\":\"Mc4 Slim 331 - Camping-car compact profil\u00e9 | McLouis\",\"isPartOf\":{\"@id\":\"https:\/\/www.mclouis.com\/francia\/#website\"},\"datePublished\":\"2024-06-24T13:05:46+00:00\",\"dateModified\":\"2025-11-17T10:34:13+00:00\",\"description\":\"Mc4 Slim 331 camping-car compact profil\u00e9 de moins de 6 m avec d\u00eenette en L et lit double transversal. Largeur et hauteur r\u00e9duites.\",\"breadcrumb\":{\"@id\":\"https:\/\/www.mclouis.com\/francia\/tipologia\/profile\/mc4-slim-331\/#breadcrumb\"},\"inLanguage\":\"fr-FR\",\"potentialAction\":[{\"@type\":\"ReadAction\",\"target\":[\"https:\/\/www.mclouis.com\/francia\/tipologia\/profile\/mc4-slim-331\/\"]}]},{\"@type\":\"BreadcrumbList\",\"@id\":\"https:\/\/www.mclouis.com\/francia\/tipologia\/profile\/mc4-slim-331\/#breadcrumb\",\"itemListElement\":[{\"@type\":\"ListItem\",\"position\":1,\"name\":\"Home\",\"item\":\"https:\/\/www.mclouis.com\/francia\/\"},{\"@type\":\"ListItem\",\"position\":2,\"name\":\"MC4 Slim 331\"}]},{\"@type\":\"WebSite\",\"@id\":\"https:\/\/www.mclouis.com\/francia\/#website\",\"url\":\"https:\/\/www.mclouis.com\/francia\/\",\"name\":\"McLouis FRANCIA\",\"description\":\"\",\"potentialAction\":[{\"@type\":\"SearchAction\",\"target\":{\"@type\":\"EntryPoint\",\"urlTemplate\":\"https:\/\/www.mclouis.com\/francia\/?s={search_term_string}\"},\"query-input\":{\"@type\":\"PropertyValueSpecification\",\"valueRequired\":true,\"valueName\":\"search_term_string\"}}],\"inLanguage\":\"fr-FR\"}]}<\/script>\n<!-- \/ Yoast SEO plugin. -->","yoast_head_json":{"title":"Mc4 Slim 331 - Camping-car compact profil\u00e9 | McLouis","description":"Mc4 Slim 331 camping-car compact profil\u00e9 de moins de 6 m avec d\u00eenette en L et lit double transversal. Largeur et hauteur r\u00e9duites.","robots":{"index":"index","follow":"follow","max-snippet":"max-snippet:-1","max-image-preview":"max-image-preview:large","max-video-preview":"max-video-preview:-1"},"canonical":"https:\/\/www.mclouis.com\/francia\/tipologia\/profile\/mc4-slim-331\/","og_locale":"fr_FR","og_type":"article","og_title":"Mc4 Slim 331 - Camping-car compact profil\u00e9 | McLouis","og_description":"Mc4 Slim 331 camping-car compact profil\u00e9 de moins de 6 m avec d\u00eenette en L et lit double transversal. Largeur et hauteur r\u00e9duites.","og_url":"https:\/\/www.mclouis.com\/francia\/tipologia\/profile\/mc4-slim-331\/","og_site_name":"McLouis FRANCIA","article_modified_time":"2025-11-17T10:34:13+00:00","twitter_card":"summary_large_image","schema":{"@context":"https:\/\/schema.org","@graph":[{"@type":"WebPage","@id":"https:\/\/www.mclouis.com\/francia\/tipologia\/profile\/mc4-slim-331\/","url":"https:\/\/www.mclouis.com\/francia\/tipologia\/profile\/mc4-slim-331\/","name":"Mc4 Slim 331 - Camping-car compact profil\u00e9 | McLouis","isPartOf":{"@id":"https:\/\/www.mclouis.com\/francia\/#website"},"datePublished":"2024-06-24T13:05:46+00:00","dateModified":"2025-11-17T10:34:13+00:00","description":"Mc4 Slim 331 camping-car compact profil\u00e9 de moins de 6 m avec d\u00eenette en L et lit double transversal. Largeur et hauteur r\u00e9duites.","breadcrumb":{"@id":"https:\/\/www.mclouis.com\/francia\/tipologia\/profile\/mc4-slim-331\/#breadcrumb"},"inLanguage":"fr-FR","potentialAction":[{"@type":"ReadAction","target":["https:\/\/www.mclouis.com\/francia\/tipologia\/profile\/mc4-slim-331\/"]}]},{"@type":"BreadcrumbList","@id":"https:\/\/www.mclouis.com\/francia\/tipologia\/profile\/mc4-slim-331\/#breadcrumb","itemListElement":[{"@type":"ListItem","position":1,"name":"Home","item":"https:\/\/www.mclouis.com\/francia\/"},{"@type":"ListItem","position":2,"name":"MC4 Slim 331"}]},{"@type":"WebSite","@id":"https:\/\/www.mclouis.com\/francia\/#website","url":"https:\/\/www.mclouis.com\/francia\/","name":"McLouis FRANCIA","description":"","potentialAction":[{"@type":"SearchAction","target":{"@type":"EntryPoint","urlTemplate":"https:\/\/www.mclouis.com\/francia\/?s={search_term_string}"},"query-input":{"@type":"PropertyValueSpecification","valueRequired":true,"valueName":"search_term_string"}}],"inLanguage":"fr-FR"}]}},"_links":{"self":[{"href":"https:\/\/www.mclouis.com\/francia\/wp-json\/wp\/v2\/modello\/4097","targetHints":{"allow":["GET"]}}],"collection":[{"href":"https:\/\/www.mclouis.com\/francia\/wp-json\/wp\/v2\/modello"}],"about":[{"href":"https:\/\/www.mclouis.com\/francia\/wp-json\/wp\/v2\/types\/modello"}],"wp:attachment":[{"href":"https:\/\/www.mclouis.com\/francia\/wp-json\/wp\/v2\/media?parent=4097"}],"wp:term":[{"taxonomy":"aspettative","embeddable":true,"href":"https:\/\/www.mclouis.com\/francia\/wp-json\/wp\/v2\/aspettative?post=4097"},{"taxonomy":"destinazione","embeddable":true,"href":"https:\/\/www.mclouis.com\/francia\/wp-json\/wp\/v2\/destinazione?post=4097"},{"taxonomy":"gamma","embeddable":true,"href":"https:\/\/www.mclouis.com\/francia\/wp-json\/wp\/v2\/gamma?post=4097"},{"taxonomy":"lunghezza","embeddable":true,"href":"https:\/\/www.mclouis.com\/francia\/wp-json\/wp\/v2\/lunghezza?post=4097"},{"taxonomy":"motivo","embeddable":true,"href":"https:\/\/www.mclouis.com\/francia\/wp-json\/wp\/v2\/motivo?post=4097"},{"taxonomy":"persone-equipaggio","embeddable":true,"href":"https:\/\/www.mclouis.com\/francia\/wp-json\/wp\/v2\/persone-equipaggio?post=4097"},{"taxonomy":"posti-letto","embeddable":true,"href":"https:\/\/www.mclouis.com\/francia\/wp-json\/wp\/v2\/posti-letto?post=4097"},{"taxonomy":"posti-omologati","embeddable":true,"href":"https:\/\/www.mclouis.com\/francia\/wp-json\/wp\/v2\/posti-omologati?post=4097"},{"taxonomy":"tipologia-letto","embeddable":true,"href":"https:\/\/www.mclouis.com\/francia\/wp-json\/wp\/v2\/tipologia-letto?post=4097"},{"taxonomy":"tipologia","embeddable":true,"href":"https:\/\/www.mclouis.com\/francia\/wp-json\/wp\/v2\/tipologia?post=4097"}],"curies":[{"name":"wp","href":"https:\/\/api.w.org\/{rel}","templated":true}]}}

<!-- This site is optimized with the Yoast SEO plugin v27.2 - https://yoast.com/product/yoast-seo-wordpress/ -->
<title>Mc4 Slim 331 - Camping-car compact profilé | McLouis</title>
<meta name="description" content="Mc4 Slim 331 camping-car compact profilé de moins de 6 m avec dînette en L et lit double transversal. Largeur et hauteur réduites." />
<meta name="robots" content="index, follow, max-snippet:-1, max-image-preview:large, max-video-preview:-1" />
<link rel="canonical" href="https://www.mclouis.com/francia/tipologia/profile/mc4-slim-331/" />
<meta property="og:locale" content="fr_FR" />
<meta property="og:type" content="article" />
<meta property="og:title" content="Mc4 Slim 331 - Camping-car compact profilé | McLouis" />
<meta property="og:description" content="Mc4 Slim 331 camping-car compact profilé de moins de 6 m avec dînette en L et lit double transversal. Largeur et hauteur réduites." />
<meta property="og:url" content="https://www.mclouis.com/francia/tipologia/profile/mc4-slim-331/" />
<meta property="og:site_name" content="McLouis FRANCIA" />
<meta property="article:modified_time" content="2025-11-17T10:34:13+00:00" />
<meta name="twitter:card" content="summary_large_image" />
<script type="application/ld+json" class="yoast-schema-graph">{"@context":"https://schema.org","@graph":[{"@type":"WebPage","@id":"https://www.mclouis.com/francia/tipologia/profile/mc4-slim-331/","url":"https://www.mclouis.com/francia/tipologia/profile/mc4-slim-331/","name":"Mc4 Slim 331 - Camping-car compact profilé | McLouis","isPartOf":{"@id":"https://www.mclouis.com/francia/#website"},"datePublished":"2024-06-24T13:05:46+00:00","dateModified":"2025-11-17T10:34:13+00:00","description":"Mc4 Slim 331 camping-car compact profilé de moins de 6 m avec dînette en L et lit double transversal. Largeur et hauteur réduites.","breadcrumb":{"@id":"https://www.mclouis.com/francia/tipologia/profile/mc4-slim-331/#breadcrumb"},"inLanguage":"fr-FR","potentialAction":[{"@type":"ReadAction","target":["https://www.mclouis.com/francia/tipologia/profile/mc4-slim-331/"]}]},{"@type":"BreadcrumbList","@id":"https://www.mclouis.com/francia/tipologia/profile/mc4-slim-331/#breadcrumb","itemListElement":[{"@type":"ListItem","position":1,"name":"Home","item":"https://www.mclouis.com/francia/"},{"@type":"ListItem","position":2,"name":"MC4 Slim 331"}]},{"@type":"WebSite","@id":"https://www.mclouis.com/francia/#website","url":"https://www.mclouis.com/francia/","name":"McLouis FRANCIA","description":"","potentialAction":[{"@type":"SearchAction","target":{"@type":"EntryPoint","urlTemplate":"https://www.mclouis.com/francia/?s={search_term_string}"},"query-input":{"@type":"PropertyValueSpecification","valueRequired":true,"valueName":"search_term_string"}}],"inLanguage":"fr-FR"}]}</script>
<!-- / Yoast SEO plugin. -->

Mc4 Slim 331 - Camping-car compact profilé | McLouis

Mc4 Slim 331 camping-car compact profilé de moins de 6 m avec dînette en L et lit double transversal. Largeur et hauteur réduites.
