{"id":4371,"date":"2024-09-26T17:05:31","date_gmt":"2024-09-26T15:05:31","guid":{"rendered":"https:\/\/www.mclouis.com\/francia\/?page_id=4371"},"modified":"2026-02-12T14:35:16","modified_gmt":"2026-02-12T13:35:16","slug":"comparaison-des-equipements-menfys","status":"publish","type":"page","link":"https:\/\/www.mclouis.com\/francia\/comparaison-des-equipements-menfys\/","title":{"rendered":"Comparaison des \u00e9quipements Menfys"},"content":{"rendered":"<div class=\"table-responsive\"><table class=\"table\" style=\"width: 99.9563%;height: 1092px\" width=\"475\">\n<tbody>\n<tr style=\"height: 24px\">\n<td style=\"width: 37.0235%;height: 24px\" width=\"184\"><\/td>\n<td style=\"width: 30.5671%;height: 24px\" width=\"146\"><strong>MENFYS NEXT<\/strong><\/td>\n<td style=\"width: 227.904%;height: 24px\" width=\"145\"><strong>MENFYS S-LINE + MENFYS 7 LIFESTYLE\u00a0<\/strong><\/td>\n<\/tr>\n<tr style=\"height: 24px\">\n<td style=\"width: 37.0235%;height: 24px\"><span style=\"color: #993300\"><strong>CH\u00c2SSIS\u00a0<\/strong><\/span><\/td>\n<td style=\"width: 30.5671%;height: 24px\"><span style=\"font-family: georgia, palatino, serif\">Citro\u00ebn Jumper <\/span><span style=\"font-family: georgia, palatino, serif\">EURO 6E<\/span><\/td>\n<td style=\"width: 227.904%;height: 24px\">Fiat Ducato EURO 6E<\/td>\n<\/tr>\n<tr style=\"height: 24px\">\n<td style=\"width: 37.0235%;height: 24px\">Motorisation<\/td>\n<td style=\"width: 30.5671%;height: 24px\">140 CH<\/td>\n<td style=\"width: 227.904%;height: 24px\">140 CH<\/td>\n<\/tr>\n<tr style=\"height: 24px\">\n<td style=\"width: 37.0235%;height: 24px\">R\u00e9gulateur de vitesse avec limiteur de vitesse<\/td>\n<td style=\"width: 30.5671%;height: 24px\">de s\u00e9rie<\/td>\n<td style=\"width: 227.904%;height: 24px\">de s\u00e9rie<\/td>\n<\/tr>\n<tr style=\"height: 24px\">\n<td style=\"width: 37.0235%;height: 24px\">Si\u00e8ges pivotants avec soutien lombaire et accoudoirs \u00ab\u00a0Captain Chairs\u00a0\u00bb<\/td>\n<td style=\"width: 30.5671%;height: 24px\">de s\u00e9rie<\/td>\n<td style=\"width: 227.904%;height: 24px\">de s\u00e9rie<\/td>\n<\/tr>\n<tr style=\"height: 24px\">\n<td style=\"width: 37.0235%;height: 24px\">Housses de si\u00e8ge<\/td>\n<td style=\"width: 30.5671%;height: 24px\">pack en option*<\/td>\n<td style=\"width: 227.904%;height: 24px\">de s\u00e9rie<\/td>\n<\/tr>\n<tr style=\"height: 24px\">\n<td style=\"width: 37.0235%;height: 24px\">Pneus 4 saisons<\/td>\n<td style=\"width: 30.5671%;height: 24px\">de s\u00e9rie<\/td>\n<td style=\"width: 227.904%;height: 24px\">de s\u00e9rie<\/td>\n<\/tr>\n<tr style=\"height: 24px\">\n<td style=\"width: 37.0235%;height: 24px\">Traction +<\/td>\n<td style=\"width: 30.5671%;height: 24px\">de s\u00e9rie<\/td>\n<td style=\"width: 227.904%;height: 24px\">de s\u00e9rie<\/td>\n<\/tr>\n<tr style=\"height: 24px\">\n<td style=\"width: 37.0235%;height: 24px\">R\u00e9servoir de carburant 90 l (60 l sur Menfys 7 LifeStyle)<\/td>\n<td style=\"width: 30.5671%;height: 24px\">de s\u00e9rie<\/td>\n<td style=\"width: 227.904%;height: 24px\">de s\u00e9rie<\/td>\n<\/tr>\n<tr style=\"height: 24px\">\n<td style=\"width: 37.0235%;height: 24px\">Pare-chocs peint<\/td>\n<td style=\"width: 30.5671%;height: 24px\">pack en option*<\/td>\n<td style=\"width: 227.904%;height: 24px\">pack en option*<\/td>\n<\/tr>\n<tr style=\"height: 24px\">\n<td style=\"width: 37.0235%;height: 24px\">Feux antibrouilllard<\/td>\n<td style=\"width: 30.5671%;height: 24px\">pack en option*<\/td>\n<td style=\"width: 227.904%;height: 24px\">pack en option*<\/td>\n<\/tr>\n<tr style=\"height: 24px\">\n<td style=\"width: 37.0235%;height: 24px\" width=\"184\">Commandes radio au volant<\/td>\n<td style=\"width: 30.5671%;height: 24px\">de s\u00e9rie<\/td>\n<td style=\"width: 227.904%;height: 24px\">de s\u00e9rie<\/td>\n<\/tr>\n<tr style=\"height: 26px\">\n<td style=\"width: 37.0235%;height: 26px\" width=\"184\">Radio \u00e9cran tactile de 9\u00a0\u00bb Android Auto\/ Apple Car Play sans fil<\/td>\n<td style=\"width: 30.5671%;height: 26px\">pack en option*<\/td>\n<td style=\"width: 227.904%;height: 26px\">pack en option*<\/td>\n<\/tr>\n<tr style=\"height: 24px\">\n<td style=\"width: 37.0235%;height: 24px\">Skid plate noir<\/td>\n<td style=\"width: 30.5671%;height: 24px\">pack en option*<\/td>\n<td style=\"width: 227.904%;height: 24px\">pack en option*<\/td>\n<\/tr>\n<tr style=\"height: 24px\">\n<td style=\"width: 37.0235%;height: 24px\" width=\"184\">Jantes en alliage 16\u00a0\u00bb bicolores<\/td>\n<td style=\"width: 30.5671%;height: 24px\">pack en option*<\/td>\n<td style=\"width: 227.904%;height: 24px\">pack en option*<\/td>\n<\/tr>\n<tr style=\"height: 24px\">\n<td style=\"width: 37.0235%;height: 24px\">Techno Dashboard<\/td>\n<td style=\"width: 30.5671%;height: 24px\">pack en option*<\/td>\n<td style=\"width: 227.904%;height: 24px\">pack en option*<\/td>\n<\/tr>\n<tr style=\"height: 24px\">\n<td style=\"width: 37.0235%;height: 24px\">TPMS &#8211; Capteur de contr\u00f4le de la pression des pneus &#8211;<\/td>\n<td style=\"width: 30.5671%;height: 24px\">pack en option*<\/td>\n<td style=\"width: 227.904%;height: 24px\">pack en option*<\/td>\n<\/tr>\n<tr style=\"height: 24px\">\n<td style=\"width: 37.0235%;height: 24px\">Frein \u00e0 main \u00e9lectrique<\/td>\n<td style=\"width: 30.5671%;height: 24px\">pack en option*<\/td>\n<td style=\"width: 227.904%;height: 24px\">pack en option*<\/td>\n<\/tr>\n<tr style=\"height: 24px\">\n<td style=\"width: 37.0235%;height: 24px\" width=\"184\">Volant et pommeau de vitesses en cuir<\/td>\n<td style=\"width: 30.5671%;height: 24px\">pack en option*<\/td>\n<td style=\"width: 227.904%;height: 24px\">pack en option*<\/td>\n<\/tr>\n<tr style=\"height: 24px\">\n<td style=\"width: 37.0235%;height: 24px\">Cam\u00e9ra de recul<\/td>\n<td style=\"width: 30.5671%;height: 24px\">pack en option*<\/td>\n<td style=\"width: 227.904%;height: 24px\">pack en option*<\/td>\n<\/tr>\n<tr style=\"height: 24px\">\n<td style=\"width: 37.0235%;height: 24px\"><span style=\"color: #993300\"><strong>INT\u00c9RIEURS<\/strong><\/span><\/td>\n<td style=\"width: 30.5671%;height: 24px\"><\/td>\n<td style=\"width: 227.904%;height: 24px\"><\/td>\n<\/tr>\n<tr style=\"height: 24px\">\n<td style=\"width: 37.0235%;height: 24px\">Stores pliss\u00e9s de la cabine<\/td>\n<td style=\"width: 30.5671%;height: 24px\">pack en option*<\/td>\n<td style=\"width: 227.904%;height: 24px\">pack en option*<\/td>\n<\/tr>\n<tr style=\"height: 24px\">\n<td style=\"width: 37.0235%;height: 24px\">Espace jour<\/td>\n<td style=\"width: 30.5671%;height: 24px\">compartiment superieur<\/td>\n<td style=\"width: 227.904%;height: 24px\">open space<\/td>\n<\/tr>\n<tr style=\"height: 24px\">\n<td style=\"width: 37.0235%;height: 24px\">Isofix<\/td>\n<td style=\"width: 30.5671%;height: 24px\">en option<\/td>\n<td style=\"width: 227.904%;height: 24px\">en option** (de s\u00e9rie sur 7 LifeStyle)<\/td>\n<\/tr>\n<tr style=\"height: 24px\">\n<td style=\"width: 37.0235%;height: 24px\">Parois de la zone nuit<\/td>\n<td style=\"width: 30.5671%;height: 24px\">rev\u00eatement en tissu<\/td>\n<td style=\"width: 227.904%;height: 24px\">soft touch<\/td>\n<\/tr>\n<tr style=\"height: 72px\">\n<td style=\"width: 37.0235%;height: 10px\">R\u00e9frig\u00e9rateur<\/td>\n<td style=\"width: 30.5671%;height: 10px\" width=\"146\">84 l \u00e0 compression, ouverture jusqu\u2019\u00e0 180\u00b0<\/td>\n<td style=\"width: 227.904%;height: 10px\">1 : 70 l \u00e0 compression<br \/>\n3, 3 Maxi, 4, 7 LifeStyle: 84 l \u00e0 compression<\/td>\n<\/tr>\n<tr style=\"height: 24px\">\n<td style=\"width: 37.0235%;height: 24px\">Plan de cuisson<\/td>\n<td style=\"width: 30.5671%;height: 24px\">2 feux<\/td>\n<td style=\"width: 227.904%;height: 24px\">2 feux<\/td>\n<\/tr>\n<tr style=\"height: 24px\">\n<td style=\"width: 37.0235%;height: 24px\">Lavabo<\/td>\n<td style=\"width: 30.5671%;height: 24px\">acier<\/td>\n<td style=\"width: 227.904%;height: 24px\">acier<\/td>\n<\/tr>\n<tr style=\"height: 24px\">\n<td style=\"width: 37.0235%;height: 24px\">Table<\/td>\n<td style=\"width: 30.5671%;height: 24px\">pliable avec extension, utilisable \u00e0 l&rsquo;ext\u00e9rieur<\/td>\n<td style=\"width: 227.904%;height: 24px\" width=\"145\">pliable avec extension (sauf 7 LifeStyle)<\/td>\n<\/tr>\n<tr style=\"height: 24px\">\n<td style=\"width: 37.0235%;height: 24px\">Fen\u00eatre dans la salle de bain<\/td>\n<td style=\"width: 30.5671%;height: 24px\">de s\u00e9rie<\/td>\n<td style=\"width: 227.904%;height: 24px\">de s\u00e9rie<\/td>\n<\/tr>\n<tr style=\"height: 24px\">\n<td style=\"width: 37.0235%;height: 24px\">S\u00e9paration de douche<\/td>\n<td style=\"width: 30.5671%;height: 24px\" width=\"146\">rideau<\/td>\n<td style=\"width: 227.904%;height: 24px\" width=\"145\">rideau sur 1<br \/>\nparoi de douche en methacrylate sur 3, 3 maxi, 4<\/td>\n<\/tr>\n<tr style=\"height: 24px\">\n<td style=\"width: 37.0235%;height: 24px\">Fen\u00eatre dans la salle de bain<\/td>\n<td style=\"width: 30.5671%;height: 24px\">de s\u00e9rie<\/td>\n<td style=\"width: 227.904%;height: 24px\">de s\u00e9rie<\/td>\n<\/tr>\n<tr style=\"height: 24px\">\n<td style=\"width: 37.0235%;height: 24px\">Panneau de contr\u00f4le chauffage<\/td>\n<td style=\"width: 30.5671%;height: 24px\">CP Plus (pack en option*)<\/td>\n<td style=\"width: 227.904%;height: 24px\">MultiControl (pack en option*)<\/td>\n<\/tr>\n<tr style=\"height: 24px\">\n<td style=\"width: 37.0235%;height: 24px\">Chauffage<\/td>\n<td style=\"width: 30.5671%;height: 24px\">4 kW Combi Diesel avec Kit Altitude<\/td>\n<td style=\"width: 227.904%;height: 24px\">4 kW Diesel<\/td>\n<\/tr>\n<tr style=\"height: 24px\">\n<td style=\"width: 37.0235%;height: 24px\">Prises USB<\/td>\n<td style=\"width: 30.5671%;height: 24px\">zone jour et nuit<\/td>\n<td style=\"width: 227.904%;height: 24px\">zone jour et nuit<\/td>\n<\/tr>\n<tr style=\"height: 24px\">\n<td style=\"width: 37.0235%;height: 24px\"><span style=\"color: #993300\"><strong>EXT\u00c9RIEURS<\/strong><\/span><\/td>\n<td style=\"width: 30.5671%;height: 24px\"><\/td>\n<td style=\"width: 227.904%;height: 24px\"><\/td>\n<\/tr>\n<tr style=\"height: 24px\">\n<td style=\"width: 37.0235%;height: 24px\">Mat\u00e9riel isolant<\/td>\n<td style=\"width: 30.5671%;height: 24px\" width=\"146\">fibre de polyester<\/td>\n<td style=\"width: 227.904%;height: 24px\" width=\"145\">fibre de polyester et feuille d\u2019aluminium<\/td>\n<\/tr>\n<tr style=\"height: 24px\">\n<td style=\"width: 37.0235%;height: 24px\">Marche pied \u00e9lectrique<\/td>\n<td style=\"width: 30.5671%;height: 24px\">pack en option*<\/td>\n<td style=\"width: 227.904%;height: 24px\">pack en option*<\/td>\n<\/tr>\n<tr style=\"height: 24px\">\n<td style=\"width: 37.0235%;height: 24px\" width=\"184\">Moustiquaire pour la porte d&rsquo;entr\u00e9e<\/td>\n<td style=\"width: 30.5671%;height: 24px\">pack en option*<\/td>\n<td style=\"width: 227.904%;height: 24px\">pack en option*<\/td>\n<\/tr>\n<tr style=\"height: 24px\">\n<td style=\"width: 37.0235%;height: 24px\">Midi Heki lanterneau panoramique 70&#215;50 cm***<\/td>\n<td style=\"width: 30.5671%;height: 24px\">pack en option*<\/td>\n<td style=\"width: 227.904%;height: 24px\">pack en option*<\/td>\n<\/tr>\n<tr style=\"height: 24px\">\n<td style=\"width: 37.0235%;height: 24px\">Lanterneau arri\u00e8re 40X40 cm<\/td>\n<td style=\"width: 30.5671%;height: 24px\">de s\u00e9rie<\/td>\n<td style=\"width: 227.904%;height: 24px\">de s\u00e9rie<\/td>\n<\/tr>\n<tr style=\"height: 24px\">\n<td style=\"width: 37.0235%;height: 24px\">Fen\u00eatres arri\u00e8re<\/td>\n<td style=\"width: 30.5671%;height: 24px\">ouvrable avec store occultant et moustiquaire<\/td>\n<td style=\"width: 227.904%;height: 24px\">ouvrable avec store occultant et moustiquaire<\/td>\n<\/tr>\n<tr style=\"height: 24px\">\n<td style=\"width: 37.0235%;height: 24px\">Toit relevable pop-up<\/td>\n<td style=\"width: 30.5671%;height: 24px\">en option<\/td>\n<td style=\"width: 227.904%;height: 24px\">en option (de s\u00e9rie sur 7 LifeStyle)<\/td>\n<\/tr>\n<tr style=\"height: 24px\">\n<td style=\"width: 37.0235%;height: 24px\">Store ext\u00e9rieur<\/td>\n<td style=\"width: 30.5671%;height: 24px\">en option<\/td>\n<td style=\"width: 227.904%;height: 24px\">pack en option*<\/td>\n<\/tr>\n<tr style=\"height: 24px\">\n<td style=\"width: 37.0235%;height: 24px\">Panneau solaire 200 W****<\/td>\n<td style=\"width: 30.5671%;height: 24px\">de s\u00e9rie<\/td>\n<td style=\"width: 227.904%;height: 24px\">pack en option*<\/td>\n<\/tr>\n<tr style=\"height: 24px\">\n<td style=\"width: 37.0235%;height: 24px\">\u00c9clairage ext\u00e9rieur \u00e0 LED<\/td>\n<td style=\"width: 30.5671%;height: 24px\">pack en option*<\/td>\n<td style=\"width: 227.904%;height: 24px\">pack en option*<\/td>\n<\/tr>\n<\/tbody>\n<\/table><\/div>\n<p>* Pack Next et Pack S-Line sont des packs \u00e0 1\u20ac. Promotion active dans la liste des prix de lancement et valable jusqu\u2019\u00e0 nouvelle communication.<br \/>\n** Si disponible (Menfys S-Line 3, 3 Maxi, 4)<br \/>\n*** Non disponible sur Menfys 7 LifeStyle<br \/>\n**** Sur Menfys S-Line 1, panneau solaire 120 W<\/p>\n","protected":false},"excerpt":{"rendered":"<p>MENFYS NEXT MENFYS S-LINE + MENFYS 7 LIFESTYLE\u00a0 CH\u00c2SSIS\u00a0 Citro\u00ebn Jumper EURO 6E Fiat Ducato EURO 6E Motorisation 140 CH 140 CH R\u00e9gulateur de vitesse avec limiteur de vitesse de s\u00e9rie de s\u00e9rie Si\u00e8ges pivotants avec soutien lombaire et accoudoirs \u00ab\u00a0Captain Chairs\u00a0\u00bb de s\u00e9rie de s\u00e9rie Housses de si\u00e8ge pack en option* de s\u00e9rie Pneus &hellip; <a href=\"https:\/\/www.mclouis.com\/francia\/comparaison-des-equipements-menfys\/\">Continued<\/a><\/p>\n","protected":false},"author":5,"featured_media":0,"parent":0,"menu_order":0,"comment_status":"closed","ping_status":"closed","template":"","meta":{"_acf_changed":false,"inline_featured_image":false,"footnotes":""},"class_list":["post-4371","page","type-page","status-publish","hentry"],"acf":[],"yoast_head":"<!-- This site is optimized with the Yoast SEO plugin v27.2 - https:\/\/yoast.com\/product\/yoast-seo-wordpress\/ -->\n<title>Comparaison des \u00e9quipements Menfys - McLouis FRANCIA<\/title>\n<meta name=\"robots\" content=\"index, follow, max-snippet:-1, max-image-preview:large, max-video-preview:-1\" \/>\n<link rel=\"canonical\" href=\"https:\/\/www.mclouis.com\/francia\/comparaison-des-equipements-menfys\/\" \/>\n<meta property=\"og:locale\" content=\"fr_FR\" \/>\n<meta property=\"og:type\" content=\"article\" \/>\n<meta property=\"og:title\" content=\"Comparaison des \u00e9quipements Menfys - McLouis FRANCIA\" \/>\n<meta property=\"og:description\" content=\"MENFYS NEXT MENFYS S-LINE + MENFYS 7 LIFESTYLE\u00a0 CH\u00c2SSIS\u00a0 Citro\u00ebn Jumper EURO 6E Fiat Ducato EURO 6E Motorisation 140 CH 140 CH R\u00e9gulateur de vitesse avec limiteur de vitesse de s\u00e9rie de s\u00e9rie Si\u00e8ges pivotants avec soutien lombaire et accoudoirs \u00ab\u00a0Captain Chairs\u00a0\u00bb de s\u00e9rie de s\u00e9rie Housses de si\u00e8ge pack en option* de s\u00e9rie Pneus &hellip; Continued\" \/>\n<meta property=\"og:url\" content=\"https:\/\/www.mclouis.com\/francia\/comparaison-des-equipements-menfys\/\" \/>\n<meta property=\"og:site_name\" content=\"McLouis FRANCIA\" \/>\n<meta property=\"article:modified_time\" content=\"2026-02-12T13:35:16+00:00\" \/>\n<meta name=\"twitter:card\" content=\"summary_large_image\" \/>\n<meta name=\"twitter:label1\" content=\"Dur\u00e9e de lecture estim\u00e9e\" \/>\n\t<meta name=\"twitter:data1\" content=\"3 minutes\" \/>\n<script type=\"application\/ld+json\" class=\"yoast-schema-graph\">{\"@context\":\"https:\/\/schema.org\",\"@graph\":[{\"@type\":\"WebPage\",\"@id\":\"https:\/\/www.mclouis.com\/francia\/comparaison-des-equipements-menfys\/\",\"url\":\"https:\/\/www.mclouis.com\/francia\/comparaison-des-equipements-menfys\/\",\"name\":\"Comparaison des \u00e9quipements Menfys - McLouis FRANCIA\",\"isPartOf\":{\"@id\":\"https:\/\/www.mclouis.com\/francia\/#website\"},\"datePublished\":\"2024-09-26T15:05:31+00:00\",\"dateModified\":\"2026-02-12T13:35:16+00:00\",\"breadcrumb\":{\"@id\":\"https:\/\/www.mclouis.com\/francia\/comparaison-des-equipements-menfys\/#breadcrumb\"},\"inLanguage\":\"fr-FR\",\"potentialAction\":[{\"@type\":\"ReadAction\",\"target\":[\"https:\/\/www.mclouis.com\/francia\/comparaison-des-equipements-menfys\/\"]}]},{\"@type\":\"BreadcrumbList\",\"@id\":\"https:\/\/www.mclouis.com\/francia\/comparaison-des-equipements-menfys\/#breadcrumb\",\"itemListElement\":[{\"@type\":\"ListItem\",\"position\":1,\"name\":\"Home\",\"item\":\"https:\/\/www.mclouis.com\/francia\/\"},{\"@type\":\"ListItem\",\"position\":2,\"name\":\"Comparaison des \u00e9quipements Menfys\"}]},{\"@type\":\"WebSite\",\"@id\":\"https:\/\/www.mclouis.com\/francia\/#website\",\"url\":\"https:\/\/www.mclouis.com\/francia\/\",\"name\":\"McLouis FRANCIA\",\"description\":\"\",\"potentialAction\":[{\"@type\":\"SearchAction\",\"target\":{\"@type\":\"EntryPoint\",\"urlTemplate\":\"https:\/\/www.mclouis.com\/francia\/?s={search_term_string}\"},\"query-input\":{\"@type\":\"PropertyValueSpecification\",\"valueRequired\":true,\"valueName\":\"search_term_string\"}}],\"inLanguage\":\"fr-FR\"}]}<\/script>\n<!-- \/ Yoast SEO plugin. -->","yoast_head_json":{"title":"Comparaison des \u00e9quipements Menfys - McLouis FRANCIA","robots":{"index":"index","follow":"follow","max-snippet":"max-snippet:-1","max-image-preview":"max-image-preview:large","max-video-preview":"max-video-preview:-1"},"canonical":"https:\/\/www.mclouis.com\/francia\/comparaison-des-equipements-menfys\/","og_locale":"fr_FR","og_type":"article","og_title":"Comparaison des \u00e9quipements Menfys - McLouis FRANCIA","og_description":"MENFYS NEXT MENFYS S-LINE + MENFYS 7 LIFESTYLE\u00a0 CH\u00c2SSIS\u00a0 Citro\u00ebn Jumper EURO 6E Fiat Ducato EURO 6E Motorisation 140 CH 140 CH R\u00e9gulateur de vitesse avec limiteur de vitesse de s\u00e9rie de s\u00e9rie Si\u00e8ges pivotants avec soutien lombaire et accoudoirs \u00ab\u00a0Captain Chairs\u00a0\u00bb de s\u00e9rie de s\u00e9rie Housses de si\u00e8ge pack en option* de s\u00e9rie Pneus &hellip; Continued","og_url":"https:\/\/www.mclouis.com\/francia\/comparaison-des-equipements-menfys\/","og_site_name":"McLouis FRANCIA","article_modified_time":"2026-02-12T13:35:16+00:00","twitter_card":"summary_large_image","twitter_misc":{"Dur\u00e9e de lecture estim\u00e9e":"3 minutes"},"schema":{"@context":"https:\/\/schema.org","@graph":[{"@type":"WebPage","@id":"https:\/\/www.mclouis.com\/francia\/comparaison-des-equipements-menfys\/","url":"https:\/\/www.mclouis.com\/francia\/comparaison-des-equipements-menfys\/","name":"Comparaison des \u00e9quipements Menfys - McLouis FRANCIA","isPartOf":{"@id":"https:\/\/www.mclouis.com\/francia\/#website"},"datePublished":"2024-09-26T15:05:31+00:00","dateModified":"2026-02-12T13:35:16+00:00","breadcrumb":{"@id":"https:\/\/www.mclouis.com\/francia\/comparaison-des-equipements-menfys\/#breadcrumb"},"inLanguage":"fr-FR","potentialAction":[{"@type":"ReadAction","target":["https:\/\/www.mclouis.com\/francia\/comparaison-des-equipements-menfys\/"]}]},{"@type":"BreadcrumbList","@id":"https:\/\/www.mclouis.com\/francia\/comparaison-des-equipements-menfys\/#breadcrumb","itemListElement":[{"@type":"ListItem","position":1,"name":"Home","item":"https:\/\/www.mclouis.com\/francia\/"},{"@type":"ListItem","position":2,"name":"Comparaison des \u00e9quipements Menfys"}]},{"@type":"WebSite","@id":"https:\/\/www.mclouis.com\/francia\/#website","url":"https:\/\/www.mclouis.com\/francia\/","name":"McLouis FRANCIA","description":"","potentialAction":[{"@type":"SearchAction","target":{"@type":"EntryPoint","urlTemplate":"https:\/\/www.mclouis.com\/francia\/?s={search_term_string}"},"query-input":{"@type":"PropertyValueSpecification","valueRequired":true,"valueName":"search_term_string"}}],"inLanguage":"fr-FR"}]}},"_links":{"self":[{"href":"https:\/\/www.mclouis.com\/francia\/wp-json\/wp\/v2\/pages\/4371","targetHints":{"allow":["GET"]}}],"collection":[{"href":"https:\/\/www.mclouis.com\/francia\/wp-json\/wp\/v2\/pages"}],"about":[{"href":"https:\/\/www.mclouis.com\/francia\/wp-json\/wp\/v2\/types\/page"}],"author":[{"embeddable":true,"href":"https:\/\/www.mclouis.com\/francia\/wp-json\/wp\/v2\/users\/5"}],"replies":[{"embeddable":true,"href":"https:\/\/www.mclouis.com\/francia\/wp-json\/wp\/v2\/comments?post=4371"}],"version-history":[{"count":11,"href":"https:\/\/www.mclouis.com\/francia\/wp-json\/wp\/v2\/pages\/4371\/revisions"}],"predecessor-version":[{"id":6674,"href":"https:\/\/www.mclouis.com\/francia\/wp-json\/wp\/v2\/pages\/4371\/revisions\/6674"}],"wp:attachment":[{"href":"https:\/\/www.mclouis.com\/francia\/wp-json\/wp\/v2\/media?parent=4371"}],"curies":[{"name":"wp","href":"https:\/\/api.w.org\/{rel}","templated":true}]}}