{"id":5131,"date":"2024-11-14T10:20:22","date_gmt":"2024-11-14T09:20:22","guid":{"rendered":"https:\/\/www.mclouis.com\/francia\/?page_id=5131"},"modified":"2025-05-09T11:27:41","modified_gmt":"2025-05-09T09:27:41","slug":"pack-serie-300-slim","status":"publish","type":"page","link":"https:\/\/www.mclouis.com\/francia\/pack-serie-300-slim\/","title":{"rendered":"Packs S\u00e9rie 300 Slim"},"content":{"rendered":"<div class=\"table-responsive\"><table class=\"table\" style=\"width: 94.0021%;height: 664px\" width=\"743\">\n<tbody>\n<tr style=\"height: 100px\">\n<td style=\"width: 100%;height: 100px\" width=\"743\"><span style=\"font-size: 14pt\"><strong>PACK S\u00c9RIE 300 SLIM*<\/strong><\/span><br \/>\nMoteur 165 CV ; Feux diurnes avec feux d&rsquo;angles statiques ; Bo\u00eete \u00e0 gants avec serrure ; Rev\u00eatements int\u00e9rieurs et tableau de bord \u00abTrend\u00bb ; Pare-chocs et bas de caisse lat\u00e9rales couleur carross\u00e9rie ; Porte XL \u00e0 2 points avec fen\u00eatre et fermeture centralis\u00e9e; Panneau de contr\u00f4le CP Plus ; Toit panoramique; Couvercle d&rsquo;\u00e9viers ; Support TV ; Housses de si\u00e8ge coordonn\u00e9es avec les tissus ; Panneau solaire 200 W avec r\u00e9gulateur MPPT ; Stores pliss\u00e9es cabine<\/td>\n<\/tr>\n<tr style=\"height: 52px\">\n<td style=\"width: 100%;height: 52px\" width=\"743\"><span style=\"font-size: 14pt\"><strong>PACK MATIC FORD \u2013 Pack S\u00e9rie 300 Slim obligatoire<\/strong><\/span><br \/>\nBo\u00eete de vitesse automatique ; S\u00e9rigraphie Matic<\/td>\n<\/tr>\n<tr style=\"height: 52px\">\n<td style=\"width: 100%;height: 52px\" width=\"743\"><strong><span style=\"font-size: 14pt\">PACK DESIGN \u2013 Pack S\u00e9rie 300 Slim et Pack Matic obligatoires<\/span><\/strong><br \/>\nCabine avec peinture m\u00e9tallis\u00e9e Moondust Silver ; Jantes en alliage noir de 16\u2019\u2019<\/td>\n<\/tr>\n<tr style=\"height: 100px\">\n<td style=\"width: 100%;height: 100px\" width=\"743\"><span style=\"font-size: 14pt\"><strong>PACK EXTRA ASSISTANCE &#8211; Pack S\u00e9rie 300 Slim et Pack Matic obligatoires<\/strong><\/span><br \/>\nD\u00e9givrage \u00e9lectrique du pare-brise ; syst\u00e8me Pre-Collision Assist 2.2 ( radar \u00e0 moyenne port\u00e9e, aide au braquage d&rsquo;urgence et d&rsquo;avertisseur de collision\/indication de distance &#8211; NCAP4) ; R\u00e9gulateur de vitesse adaptatif avec centrage sur la voie et Stop&amp;Go ; Int\u00e9gration du r\u00e9gulateur de vitesse adaptatif avec reconnaissance des panneaux de signalisation ; R\u00e9troviseurs rabattables \u00e9lectriquement avec d\u00e9givrage \u00e9lectrique ; Navigation Center Ford (inclut un an d&rsquo;essai de \u00ab Connected Navigation \u00bb &#8211; renouvelable par abonnement)<\/td>\n<\/tr>\n<tr style=\"height: 56px\">\n<td style=\"width: 100%;height: 56px\"><span style=\"font-size: 14pt\"><strong>WINTER PACK<br \/>\n<\/strong><\/span>R\u00e9servoir d\u2019eaux grises isol\u00e9 et chauff\u00e9 ; Marchepied isol\u00e9<\/td>\n<\/tr>\n<tr style=\"height: 52px\">\n<td style=\"width: 100%;height: 52px\" width=\"743\"><span style=\"font-size: 14pt\"><strong>PACK PLEIN AIR<\/strong><\/span><br \/>\nStore anthracite** ; Prise de gaz ext\u00e9rieur ; Douchette ext\u00e9rieure<\/td>\n<\/tr>\n<tr style=\"height: 52px\">\n<td style=\"width: 100%;height: 52px\" width=\"743\"><span style=\"font-size: 14pt\"><strong>PACK TV SATELLITAIRE 32\u2019\u2019<\/strong><\/span><br \/>\nSmart TV 32\u2019\u2019 ; Antenne satellite<\/td>\n<\/tr>\n<tr style=\"height: 48px\">\n<td style=\"width: 100%;height: 48px\" width=\"743\"><strong><span style=\"font-size: 14pt\">PACK TV DIGIT 32\u2019\u2019<\/span><\/strong><br \/>\nSmart TV 32\u2019\u2019 ; Antenne num\u00e9rique<\/td>\n<\/tr>\n<tr style=\"height: 48px\">\n<td style=\"width: 100%;height: 48px\" width=\"743\"><strong><span style=\"font-size: 14pt\">PACK TV WI-FI 32\u2019\u2019<\/span><\/strong><br \/>\nSmart TV 32\u2019\u2019 ; Routeur Wi-Fi<\/td>\n<\/tr>\n<\/tbody>\n<\/table><\/div>\n<p>&nbsp;<\/p>\n<p>* Pack S\u00e9rie 300 Slim est un pack \u00e0 1\u20ac. Promotion active dans la liste des prix de lancement et valable jusqu\u2019\u00e0 nouvelle communication<br \/>\n** 3 m\u00e8tres sur Mc4 Slim 331 ; 3,5 m\u00e8tres sur Mc4 Slim 337 et 339<\/p>\n","protected":false},"excerpt":{"rendered":"<p>PACK S\u00c9RIE 300 SLIM* Moteur 165 CV ; Feux diurnes avec feux d&rsquo;angles statiques ; Bo\u00eete \u00e0 gants avec serrure ; Rev\u00eatements int\u00e9rieurs et tableau de bord \u00abTrend\u00bb ; Pare-chocs et bas de caisse lat\u00e9rales couleur carross\u00e9rie ; Porte XL \u00e0 2 points avec fen\u00eatre et fermeture centralis\u00e9e; Panneau de contr\u00f4le CP Plus ; Toit &hellip; <a href=\"https:\/\/www.mclouis.com\/francia\/pack-serie-300-slim\/\">Continued<\/a><\/p>\n","protected":false},"author":5,"featured_media":0,"parent":0,"menu_order":0,"comment_status":"closed","ping_status":"closed","template":"","meta":{"_acf_changed":false,"inline_featured_image":false,"footnotes":""},"class_list":["post-5131","page","type-page","status-publish","hentry"],"acf":[],"yoast_head":"<!-- This site is optimized with the Yoast SEO plugin v27.2 - https:\/\/yoast.com\/product\/yoast-seo-wordpress\/ -->\n<title>Packs S\u00e9rie 300 Slim - McLouis FRANCIA<\/title>\n<meta name=\"robots\" content=\"index, follow, max-snippet:-1, max-image-preview:large, max-video-preview:-1\" \/>\n<link rel=\"canonical\" href=\"https:\/\/www.mclouis.com\/francia\/pack-serie-300-slim\/\" \/>\n<meta property=\"og:locale\" content=\"fr_FR\" \/>\n<meta property=\"og:type\" content=\"article\" \/>\n<meta property=\"og:title\" content=\"Packs S\u00e9rie 300 Slim - McLouis FRANCIA\" \/>\n<meta property=\"og:description\" content=\"PACK S\u00c9RIE 300 SLIM* Moteur 165 CV ; Feux diurnes avec feux d&rsquo;angles statiques ; Bo\u00eete \u00e0 gants avec serrure ; Rev\u00eatements int\u00e9rieurs et tableau de bord \u00abTrend\u00bb ; Pare-chocs et bas de caisse lat\u00e9rales couleur carross\u00e9rie ; Porte XL \u00e0 2 points avec fen\u00eatre et fermeture centralis\u00e9e; Panneau de contr\u00f4le CP Plus ; Toit &hellip; Continued\" \/>\n<meta property=\"og:url\" content=\"https:\/\/www.mclouis.com\/francia\/pack-serie-300-slim\/\" \/>\n<meta property=\"og:site_name\" content=\"McLouis FRANCIA\" \/>\n<meta property=\"article:modified_time\" content=\"2025-05-09T09:27:41+00:00\" \/>\n<meta name=\"twitter:card\" content=\"summary_large_image\" \/>\n<meta name=\"twitter:label1\" content=\"Dur\u00e9e de lecture estim\u00e9e\" \/>\n\t<meta name=\"twitter:data1\" content=\"2 minutes\" \/>\n<script type=\"application\/ld+json\" class=\"yoast-schema-graph\">{\"@context\":\"https:\/\/schema.org\",\"@graph\":[{\"@type\":\"WebPage\",\"@id\":\"https:\/\/www.mclouis.com\/francia\/pack-serie-300-slim\/\",\"url\":\"https:\/\/www.mclouis.com\/francia\/pack-serie-300-slim\/\",\"name\":\"Packs S\u00e9rie 300 Slim - McLouis FRANCIA\",\"isPartOf\":{\"@id\":\"https:\/\/www.mclouis.com\/francia\/#website\"},\"datePublished\":\"2024-11-14T09:20:22+00:00\",\"dateModified\":\"2025-05-09T09:27:41+00:00\",\"breadcrumb\":{\"@id\":\"https:\/\/www.mclouis.com\/francia\/pack-serie-300-slim\/#breadcrumb\"},\"inLanguage\":\"fr-FR\",\"potentialAction\":[{\"@type\":\"ReadAction\",\"target\":[\"https:\/\/www.mclouis.com\/francia\/pack-serie-300-slim\/\"]}]},{\"@type\":\"BreadcrumbList\",\"@id\":\"https:\/\/www.mclouis.com\/francia\/pack-serie-300-slim\/#breadcrumb\",\"itemListElement\":[{\"@type\":\"ListItem\",\"position\":1,\"name\":\"Home\",\"item\":\"https:\/\/www.mclouis.com\/francia\/\"},{\"@type\":\"ListItem\",\"position\":2,\"name\":\"Packs S\u00e9rie 300 Slim\"}]},{\"@type\":\"WebSite\",\"@id\":\"https:\/\/www.mclouis.com\/francia\/#website\",\"url\":\"https:\/\/www.mclouis.com\/francia\/\",\"name\":\"McLouis FRANCIA\",\"description\":\"\",\"potentialAction\":[{\"@type\":\"SearchAction\",\"target\":{\"@type\":\"EntryPoint\",\"urlTemplate\":\"https:\/\/www.mclouis.com\/francia\/?s={search_term_string}\"},\"query-input\":{\"@type\":\"PropertyValueSpecification\",\"valueRequired\":true,\"valueName\":\"search_term_string\"}}],\"inLanguage\":\"fr-FR\"}]}<\/script>\n<!-- \/ Yoast SEO plugin. -->","yoast_head_json":{"title":"Packs S\u00e9rie 300 Slim - McLouis FRANCIA","robots":{"index":"index","follow":"follow","max-snippet":"max-snippet:-1","max-image-preview":"max-image-preview:large","max-video-preview":"max-video-preview:-1"},"canonical":"https:\/\/www.mclouis.com\/francia\/pack-serie-300-slim\/","og_locale":"fr_FR","og_type":"article","og_title":"Packs S\u00e9rie 300 Slim - McLouis FRANCIA","og_description":"PACK S\u00c9RIE 300 SLIM* Moteur 165 CV ; Feux diurnes avec feux d&rsquo;angles statiques ; Bo\u00eete \u00e0 gants avec serrure ; Rev\u00eatements int\u00e9rieurs et tableau de bord \u00abTrend\u00bb ; Pare-chocs et bas de caisse lat\u00e9rales couleur carross\u00e9rie ; Porte XL \u00e0 2 points avec fen\u00eatre et fermeture centralis\u00e9e; Panneau de contr\u00f4le CP Plus ; Toit &hellip; Continued","og_url":"https:\/\/www.mclouis.com\/francia\/pack-serie-300-slim\/","og_site_name":"McLouis FRANCIA","article_modified_time":"2025-05-09T09:27:41+00:00","twitter_card":"summary_large_image","twitter_misc":{"Dur\u00e9e de lecture estim\u00e9e":"2 minutes"},"schema":{"@context":"https:\/\/schema.org","@graph":[{"@type":"WebPage","@id":"https:\/\/www.mclouis.com\/francia\/pack-serie-300-slim\/","url":"https:\/\/www.mclouis.com\/francia\/pack-serie-300-slim\/","name":"Packs S\u00e9rie 300 Slim - McLouis FRANCIA","isPartOf":{"@id":"https:\/\/www.mclouis.com\/francia\/#website"},"datePublished":"2024-11-14T09:20:22+00:00","dateModified":"2025-05-09T09:27:41+00:00","breadcrumb":{"@id":"https:\/\/www.mclouis.com\/francia\/pack-serie-300-slim\/#breadcrumb"},"inLanguage":"fr-FR","potentialAction":[{"@type":"ReadAction","target":["https:\/\/www.mclouis.com\/francia\/pack-serie-300-slim\/"]}]},{"@type":"BreadcrumbList","@id":"https:\/\/www.mclouis.com\/francia\/pack-serie-300-slim\/#breadcrumb","itemListElement":[{"@type":"ListItem","position":1,"name":"Home","item":"https:\/\/www.mclouis.com\/francia\/"},{"@type":"ListItem","position":2,"name":"Packs S\u00e9rie 300 Slim"}]},{"@type":"WebSite","@id":"https:\/\/www.mclouis.com\/francia\/#website","url":"https:\/\/www.mclouis.com\/francia\/","name":"McLouis FRANCIA","description":"","potentialAction":[{"@type":"SearchAction","target":{"@type":"EntryPoint","urlTemplate":"https:\/\/www.mclouis.com\/francia\/?s={search_term_string}"},"query-input":{"@type":"PropertyValueSpecification","valueRequired":true,"valueName":"search_term_string"}}],"inLanguage":"fr-FR"}]}},"_links":{"self":[{"href":"https:\/\/www.mclouis.com\/francia\/wp-json\/wp\/v2\/pages\/5131","targetHints":{"allow":["GET"]}}],"collection":[{"href":"https:\/\/www.mclouis.com\/francia\/wp-json\/wp\/v2\/pages"}],"about":[{"href":"https:\/\/www.mclouis.com\/francia\/wp-json\/wp\/v2\/types\/page"}],"author":[{"embeddable":true,"href":"https:\/\/www.mclouis.com\/francia\/wp-json\/wp\/v2\/users\/5"}],"replies":[{"embeddable":true,"href":"https:\/\/www.mclouis.com\/francia\/wp-json\/wp\/v2\/comments?post=5131"}],"version-history":[{"count":5,"href":"https:\/\/www.mclouis.com\/francia\/wp-json\/wp\/v2\/pages\/5131\/revisions"}],"predecessor-version":[{"id":5764,"href":"https:\/\/www.mclouis.com\/francia\/wp-json\/wp\/v2\/pages\/5131\/revisions\/5764"}],"wp:attachment":[{"href":"https:\/\/www.mclouis.com\/francia\/wp-json\/wp\/v2\/media?parent=5131"}],"curies":[{"name":"wp","href":"https:\/\/api.w.org\/{rel}","templated":true}]}}