{"id":5133,"date":"2024-11-14T10:26:18","date_gmt":"2024-11-14T09:26:18","guid":{"rendered":"https:\/\/www.mclouis.com\/francia\/?page_id=5133"},"modified":"2025-05-09T11:27:19","modified_gmt":"2025-05-09T09:27:19","slug":"5133-2","status":"publish","type":"page","link":"https:\/\/www.mclouis.com\/francia\/5133-2\/","title":{"rendered":"Packs S\u00e9rie 300"},"content":{"rendered":"<div class=\"table-responsive\"><table class=\"table\" style=\"width: 94.3649%;height: 900px\" width=\"991\">\n<tbody>\n<tr style=\"height: 28px\">\n<td style=\"width: 85.3978%;height: 28px\" width=\"863\"><\/td>\n<td style=\"width: 6.84794%;height: 28px;text-align: center\" width=\"64\"><span style=\"color: #993300;font-size: 14pt\"><strong>FORD<\/strong><\/span><\/td>\n<td style=\"width: 37.5629%;height: 28px;text-align: center\" width=\"64\"><span style=\"color: #993300;font-size: 14pt\"><strong>FIAT\u00a0<\/strong><\/span><\/td>\n<\/tr>\n<tr style=\"height: 124px\">\n<td style=\"width: 85.3978%;height: 84px\" width=\"863\"><span style=\"font-size: 14pt\"><strong>PACK S\u00c9RIE 300 FORD*<\/strong><\/span><br \/>\nMotorisation 165 CV ; Feux diurnes avec feux d&rsquo;angles statiques ; Bo\u00eete \u00e0 gants avec serrure ; Rev\u00eatements int\u00e9rieurs et tableau de bord \u00abTrend\u00bb ; Pare-chocs et bas de caisse lat\u00e9rales couleur carross\u00e9rie ; Porte XL \u00e0 2 points avec fen\u00eatre et fermeture centralis\u00e9e; Support TV ; Toit panoramique sur Mc4 ; Housses de si\u00e8ge coordonn\u00e9es avec les tissus ; Panneau solaire 200 W avec r\u00e9gulateur MPPT ; Store occultants pliss\u00e9s cabine<\/td>\n<td style=\"width: 6.84794%;height: 84px;text-align: center\"><strong>X<\/strong><\/td>\n<td style=\"width: 37.5629%;height: 84px\"><\/td>\n<\/tr>\n<tr style=\"height: 52px\">\n<td style=\"width: 85.3978%;height: 52px\" width=\"863\"><span style=\"font-size: 14pt\"><strong>PACK MATIC FORD** \u2013 Pack S\u00e9rie 300 Ford obligatoire<\/strong><\/span><br \/>\nBo\u00eete de vitesse automatique ; S\u00e9rigraphie Matic<\/td>\n<td style=\"width: 6.84794%;text-align: center;height: 52px\"><strong>X<\/strong><\/td>\n<td style=\"width: 37.5629%;height: 52px\"><\/td>\n<\/tr>\n<tr style=\"height: 52px\">\n<td style=\"width: 85.3978%;height: 52px\" width=\"863\"><span style=\"font-size: 14pt\"><strong>PACK DESIGN \u2013 Pack S\u00e9rie 300 Ford et Pack Matic Ford obligatoires<\/strong><\/span><br \/>\nCabine avec peinture m\u00e9tallis\u00e9e Moondust Silver ; Jantes en alliage noir de 16\u2019\u2019<\/td>\n<td style=\"width: 6.84794%;text-align: center;height: 52px\"><strong>X<\/strong><\/td>\n<td style=\"width: 37.5629%;height: 52px\"><\/td>\n<\/tr>\n<tr style=\"height: 100px\">\n<td style=\"width: 85.3978%;height: 100px\" width=\"863\"><strong><span style=\"font-size: 14pt\">PACK EXTRA ASSISTANCE <b>\u00a0<\/b><b>(<\/b><b>Ch\u00e2ssis HEAVY <\/b><b>obligatoire<\/b><b>***) <\/b>\u2013 Pack S\u00e9rie 300 Ford e Pack Matic Ford obligatoires<\/span><\/strong><br \/>\nD\u00e9givrage \u00e9lectrique du pare-brise ; syst\u00e8me Pre-Collision Assist 2.2 (radar \u00e0 moyenne port\u00e9e, aide au braquage d&rsquo;urgence et d&rsquo;avertisseur de collision\/ indication de distance &#8211; NCAP4) ; R\u00e9gulateur de vitesse adaptatif avec centrage sur la voie et Stop&amp;Go ; Int\u00e9gration du r\u00e9gulateur de vitesse adaptatif avec reconnaissance des panneaux de signalisation ; R\u00e9troviseurs rabattables manuellement avec d\u00e9givrage \u00e9lectrique ; Navigation Center Ford (inclut un an d&rsquo;essai de \u00ab Connected Navigation \u00bb &#8211; renouvelable par abonnement)<\/td>\n<td style=\"width: 6.84794%;text-align: center;height: 100px\"><strong>X<\/strong><\/td>\n<td style=\"width: 37.5629%;height: 100px\"><\/td>\n<\/tr>\n<tr style=\"height: 124px\">\n<td style=\"width: 85.3978%;height: 124px\" width=\"863\"><span style=\"font-size: 14pt\"><strong>PACK S\u00c9RIE 300 FIAT*<\/strong><\/span><br \/>\nFeux antibrouillard ; Pare-chocs peint couleur de la carross\u00e9rie ; Skid Plate noir ; Jantes en alliage 16\u00a0\u00bb bicoloers ; Volant et pommeau de vitesse en cuir ; Tableau de bord Techno ; Frein \u00e0 main \u00e9lectrique ; TPMS (capteur de contr\u00f4le de la pression des pneus) ; Porte XL \u00e0 2 points avec fen\u00eatre et fermeture centralis\u00e9e ; Support TV ; Toit panoramique sur Mc4 ; Housses de si\u00e8ge coordonn\u00e9es avec les tissus ; Panneau solaire 200 W avec r\u00e9gulateur MPPT ; Store pliss\u00e9 cabine<\/td>\n<td style=\"width: 6.84794%;height: 124px\"><\/td>\n<td style=\"width: 37.5629%;text-align: center;height: 124px\"><strong>X<\/strong><\/td>\n<\/tr>\n<tr style=\"height: 52px\">\n<td style=\"width: 85.3978%;height: 52px\" width=\"863\"><strong><span style=\"font-size: 14pt\">PACK MATIC FIAT \u2013 Pack S\u00e9rie 300 Fiat obligatoire<\/span><\/strong><br \/>\nBo\u00eete de vitesse automatique ; S\u00e9rigraphie Matic ; Suspension composite****<\/td>\n<td style=\"width: 6.84794%;height: 52px\"><\/td>\n<td style=\"width: 37.5629%;text-align: center;height: 52px\"><strong>X<\/strong><\/td>\n<\/tr>\n<tr style=\"height: 52px\">\n<td style=\"width: 85.3978%;height: 52px\" width=\"863\"><span style=\"font-size: 14pt\"><strong>PACK EXTRA TECH &#8211; Pack S\u00e9rie 300 Fiat obligatoire<\/strong><\/span><br \/>\nTableau de bord num\u00e9rique ; Climatisation automatique ; Chargeur sans fil pour smartphone ; Feux FULL LED<\/td>\n<td style=\"width: 6.84794%;height: 52px\"><\/td>\n<td style=\"width: 37.5629%;text-align: center;height: 52px\"><strong>X<\/strong><\/td>\n<\/tr>\n<tr style=\"height: 100px\">\n<td style=\"width: 85.3978%;height: 100px\" width=\"863\"><span style=\"font-size: 14pt\"><strong>PACK EXTRA SAFETY &#8211; Pack S\u00e9rie 300 Fiat et Pack Extra Tech Fiat obligatoires<\/strong><\/span><br \/>\nR\u00e9gulateur de vitesse adaptatif pour les vitesses &gt; 30 km\/h ; Pack Safety Fiat (Contr\u00f4le int\u00e9gral du freinage avec d\u00e9tection des pi\u00e9tons ; Capteurs de lumi\u00e8re et de pluie ; Assistance au maintien de la trajectoire ; Reconnaissance des panneaux de vitesse ; Alerte de fatigue du conducteur ; Assistance intelligente \u00e0 la vitesse)<\/td>\n<td style=\"width: 6.84794%;height: 100px\"><\/td>\n<td style=\"width: 37.5629%;text-align: center;height: 100px\"><strong>X<\/strong><\/td>\n<\/tr>\n<tr style=\"height: 52px\">\n<td style=\"width: 85.3978%;height: 52px\"><span style=\"font-size: 14pt\"><strong>WINTER PACK<br \/>\n<\/strong><\/span>R\u00e9servoir d\u2019eaux grises isol\u00e9 et chauff\u00e9 ; Marchepied isol\u00e9<\/td>\n<td style=\"width: 6.84794%;text-align: center;height: 52px\"><strong>X<\/strong><\/td>\n<td style=\"width: 37.5629%;text-align: center;height: 52px\"><strong>X<\/strong><\/td>\n<\/tr>\n<tr style=\"height: 52px\">\n<td style=\"width: 85.3978%;height: 52px\" width=\"863\"><span style=\"font-size: 14pt\"><strong>PACK ENJOY OUTDOOR<\/strong><\/span><br \/>\nStore blanche***** ; Prise de gaz externe ; Douchette ext\u00e9rieure ; Prise m\u00e9dia externe (12 V\/ 220 V\/ TV) ; Rails et ancrages dans la soute<\/td>\n<td style=\"width: 6.84794%;text-align: center;height: 52px\"><strong>X<\/strong><\/td>\n<td style=\"width: 37.5629%;text-align: center;height: 52px\"><strong>X<\/strong><\/td>\n<\/tr>\n<tr style=\"height: 52px\">\n<td style=\"width: 85.3978%;height: 52px\" width=\"863\"><span style=\"font-size: 14pt\"><strong>PACK TV SATELLITAIRE 24\u2019\u2019<\/strong><\/span><br \/>\nSmart TV 24\u2019\u2019 ; Antenne num\u00e9rique<\/td>\n<td style=\"width: 6.84794%;text-align: center;height: 52px\"><strong>X<\/strong><\/td>\n<td style=\"width: 37.5629%;text-align: center;height: 52px\"><strong>X<\/strong><\/td>\n<\/tr>\n<tr style=\"height: 52px\">\n<td style=\"width: 85.3978%;height: 52px\" width=\"863\"><strong><span style=\"font-size: 14pt\">PACK TV DIGITALE 24\u2019\u2019<\/span><\/strong><br \/>\nSmart TV 24\u2019\u2019 ; Antenne digitale<\/td>\n<td style=\"width: 6.84794%;text-align: center;height: 52px\"><strong>X<\/strong><\/td>\n<td style=\"width: 37.5629%;text-align: center;height: 52px\"><strong>X<\/strong><\/td>\n<\/tr>\n<tr style=\"height: 48px\">\n<td style=\"width: 85.3978%;height: 48px\" width=\"863\"><strong><span style=\"font-size: 14pt\">PACK TV WI-FI 24\u2019\u2019<\/span><\/strong><br \/>\nSmart TV 24\u2019\u2019; Router Wi-Fi<\/td>\n<td style=\"width: 6.84794%;text-align: center;height: 48px\"><strong>X<\/strong><\/td>\n<td style=\"width: 37.5629%;text-align: center;height: 48px\"><strong>X<\/strong><\/td>\n<\/tr>\n<\/tbody>\n<\/table><\/div>\n<p>&nbsp;<\/p>\n<p>* Pack S\u00e9rie 300 Ford ou Pack S\u00e9rie 300 Fiat sont des packs \u00e0 1\u20ac. Promotion active dans la liste des prix de lancement et valable jusqu\u2019\u00e0 nouvelle communication<br \/>\n** Sur Glamys Ford, Pack Matic Ford \u00e0 s\u00e9lectionner obligatoirement avec Pack S\u00e9rie 300 Ford<br \/>\n*** Peut \u00e9galement \u00eatre homologu\u00e9 pour 3,5 t<br \/>\n**** Non disponibles sur les ch\u00e2ssis Heavy de 4,25 \u00e0 4,4 tonnes<br \/>\n***** 4 metres sur Glamys 320, Mc4 321, 360, 365; 4,5 metres sur Glamys 322, 365, Mc4 373, 379, 381<\/p>\n","protected":false},"excerpt":{"rendered":"<p>FORD FIAT\u00a0 PACK S\u00c9RIE 300 FORD* Motorisation 165 CV ; Feux diurnes avec feux d&rsquo;angles statiques ; Bo\u00eete \u00e0 gants avec serrure ; Rev\u00eatements int\u00e9rieurs et tableau de bord \u00abTrend\u00bb ; Pare-chocs et bas de caisse lat\u00e9rales couleur carross\u00e9rie ; Porte XL \u00e0 2 points avec fen\u00eatre et fermeture centralis\u00e9e; Support TV ; Toit panoramique &hellip; <a href=\"https:\/\/www.mclouis.com\/francia\/5133-2\/\">Continued<\/a><\/p>\n","protected":false},"author":5,"featured_media":0,"parent":0,"menu_order":0,"comment_status":"closed","ping_status":"closed","template":"","meta":{"_acf_changed":false,"inline_featured_image":false,"footnotes":""},"class_list":["post-5133","page","type-page","status-publish","hentry"],"acf":[],"yoast_head":"<!-- This site is optimized with the Yoast SEO plugin v27.2 - https:\/\/yoast.com\/product\/yoast-seo-wordpress\/ -->\n<title>Packs S\u00e9rie 300 - McLouis FRANCIA<\/title>\n<meta name=\"robots\" content=\"index, follow, max-snippet:-1, max-image-preview:large, max-video-preview:-1\" \/>\n<link rel=\"canonical\" href=\"https:\/\/www.mclouis.com\/francia\/5133-2\/\" \/>\n<meta property=\"og:locale\" content=\"fr_FR\" \/>\n<meta property=\"og:type\" content=\"article\" \/>\n<meta property=\"og:title\" content=\"Packs S\u00e9rie 300 - McLouis FRANCIA\" \/>\n<meta property=\"og:description\" content=\"FORD FIAT\u00a0 PACK S\u00c9RIE 300 FORD* Motorisation 165 CV ; Feux diurnes avec feux d&rsquo;angles statiques ; Bo\u00eete \u00e0 gants avec serrure ; Rev\u00eatements int\u00e9rieurs et tableau de bord \u00abTrend\u00bb ; Pare-chocs et bas de caisse lat\u00e9rales couleur carross\u00e9rie ; Porte XL \u00e0 2 points avec fen\u00eatre et fermeture centralis\u00e9e; Support TV ; Toit panoramique &hellip; Continued\" \/>\n<meta property=\"og:url\" content=\"https:\/\/www.mclouis.com\/francia\/5133-2\/\" \/>\n<meta property=\"og:site_name\" content=\"McLouis FRANCIA\" \/>\n<meta property=\"article:modified_time\" content=\"2025-05-09T09:27:19+00:00\" \/>\n<meta name=\"twitter:card\" content=\"summary_large_image\" \/>\n<meta name=\"twitter:label1\" content=\"Dur\u00e9e de lecture estim\u00e9e\" \/>\n\t<meta name=\"twitter:data1\" content=\"3 minutes\" \/>\n<script type=\"application\/ld+json\" class=\"yoast-schema-graph\">{\"@context\":\"https:\/\/schema.org\",\"@graph\":[{\"@type\":\"WebPage\",\"@id\":\"https:\/\/www.mclouis.com\/francia\/5133-2\/\",\"url\":\"https:\/\/www.mclouis.com\/francia\/5133-2\/\",\"name\":\"Packs S\u00e9rie 300 - McLouis FRANCIA\",\"isPartOf\":{\"@id\":\"https:\/\/www.mclouis.com\/francia\/#website\"},\"datePublished\":\"2024-11-14T09:26:18+00:00\",\"dateModified\":\"2025-05-09T09:27:19+00:00\",\"breadcrumb\":{\"@id\":\"https:\/\/www.mclouis.com\/francia\/5133-2\/#breadcrumb\"},\"inLanguage\":\"fr-FR\",\"potentialAction\":[{\"@type\":\"ReadAction\",\"target\":[\"https:\/\/www.mclouis.com\/francia\/5133-2\/\"]}]},{\"@type\":\"BreadcrumbList\",\"@id\":\"https:\/\/www.mclouis.com\/francia\/5133-2\/#breadcrumb\",\"itemListElement\":[{\"@type\":\"ListItem\",\"position\":1,\"name\":\"Home\",\"item\":\"https:\/\/www.mclouis.com\/francia\/\"},{\"@type\":\"ListItem\",\"position\":2,\"name\":\"Packs S\u00e9rie 300\"}]},{\"@type\":\"WebSite\",\"@id\":\"https:\/\/www.mclouis.com\/francia\/#website\",\"url\":\"https:\/\/www.mclouis.com\/francia\/\",\"name\":\"McLouis FRANCIA\",\"description\":\"\",\"potentialAction\":[{\"@type\":\"SearchAction\",\"target\":{\"@type\":\"EntryPoint\",\"urlTemplate\":\"https:\/\/www.mclouis.com\/francia\/?s={search_term_string}\"},\"query-input\":{\"@type\":\"PropertyValueSpecification\",\"valueRequired\":true,\"valueName\":\"search_term_string\"}}],\"inLanguage\":\"fr-FR\"}]}<\/script>\n<!-- \/ Yoast SEO plugin. -->","yoast_head_json":{"title":"Packs S\u00e9rie 300 - McLouis FRANCIA","robots":{"index":"index","follow":"follow","max-snippet":"max-snippet:-1","max-image-preview":"max-image-preview:large","max-video-preview":"max-video-preview:-1"},"canonical":"https:\/\/www.mclouis.com\/francia\/5133-2\/","og_locale":"fr_FR","og_type":"article","og_title":"Packs S\u00e9rie 300 - McLouis FRANCIA","og_description":"FORD FIAT\u00a0 PACK S\u00c9RIE 300 FORD* Motorisation 165 CV ; Feux diurnes avec feux d&rsquo;angles statiques ; Bo\u00eete \u00e0 gants avec serrure ; Rev\u00eatements int\u00e9rieurs et tableau de bord \u00abTrend\u00bb ; Pare-chocs et bas de caisse lat\u00e9rales couleur carross\u00e9rie ; Porte XL \u00e0 2 points avec fen\u00eatre et fermeture centralis\u00e9e; Support TV ; Toit panoramique &hellip; Continued","og_url":"https:\/\/www.mclouis.com\/francia\/5133-2\/","og_site_name":"McLouis FRANCIA","article_modified_time":"2025-05-09T09:27:19+00:00","twitter_card":"summary_large_image","twitter_misc":{"Dur\u00e9e de lecture estim\u00e9e":"3 minutes"},"schema":{"@context":"https:\/\/schema.org","@graph":[{"@type":"WebPage","@id":"https:\/\/www.mclouis.com\/francia\/5133-2\/","url":"https:\/\/www.mclouis.com\/francia\/5133-2\/","name":"Packs S\u00e9rie 300 - McLouis FRANCIA","isPartOf":{"@id":"https:\/\/www.mclouis.com\/francia\/#website"},"datePublished":"2024-11-14T09:26:18+00:00","dateModified":"2025-05-09T09:27:19+00:00","breadcrumb":{"@id":"https:\/\/www.mclouis.com\/francia\/5133-2\/#breadcrumb"},"inLanguage":"fr-FR","potentialAction":[{"@type":"ReadAction","target":["https:\/\/www.mclouis.com\/francia\/5133-2\/"]}]},{"@type":"BreadcrumbList","@id":"https:\/\/www.mclouis.com\/francia\/5133-2\/#breadcrumb","itemListElement":[{"@type":"ListItem","position":1,"name":"Home","item":"https:\/\/www.mclouis.com\/francia\/"},{"@type":"ListItem","position":2,"name":"Packs S\u00e9rie 300"}]},{"@type":"WebSite","@id":"https:\/\/www.mclouis.com\/francia\/#website","url":"https:\/\/www.mclouis.com\/francia\/","name":"McLouis FRANCIA","description":"","potentialAction":[{"@type":"SearchAction","target":{"@type":"EntryPoint","urlTemplate":"https:\/\/www.mclouis.com\/francia\/?s={search_term_string}"},"query-input":{"@type":"PropertyValueSpecification","valueRequired":true,"valueName":"search_term_string"}}],"inLanguage":"fr-FR"}]}},"_links":{"self":[{"href":"https:\/\/www.mclouis.com\/francia\/wp-json\/wp\/v2\/pages\/5133","targetHints":{"allow":["GET"]}}],"collection":[{"href":"https:\/\/www.mclouis.com\/francia\/wp-json\/wp\/v2\/pages"}],"about":[{"href":"https:\/\/www.mclouis.com\/francia\/wp-json\/wp\/v2\/types\/page"}],"author":[{"embeddable":true,"href":"https:\/\/www.mclouis.com\/francia\/wp-json\/wp\/v2\/users\/5"}],"replies":[{"embeddable":true,"href":"https:\/\/www.mclouis.com\/francia\/wp-json\/wp\/v2\/comments?post=5133"}],"version-history":[{"count":16,"href":"https:\/\/www.mclouis.com\/francia\/wp-json\/wp\/v2\/pages\/5133\/revisions"}],"predecessor-version":[{"id":5763,"href":"https:\/\/www.mclouis.com\/francia\/wp-json\/wp\/v2\/pages\/5133\/revisions\/5763"}],"wp:attachment":[{"href":"https:\/\/www.mclouis.com\/francia\/wp-json\/wp\/v2\/media?parent=5133"}],"curies":[{"name":"wp","href":"https:\/\/api.w.org\/{rel}","templated":true}]}}